Last updated on 2023-06-07 02:59:10 CEST.
Flavor | Version | Tinstall | Tcheck | Ttotal | Status | Flags |
---|---|---|---|---|---|---|
r-devel-linux-x86_64-debian-clang | 0.1.2 | 23.02 | 187.06 | 210.08 | NOTE | |
r-devel-linux-x86_64-debian-gcc | 0.1.2 | 17.76 | 139.94 | 157.70 | NOTE | |
r-devel-linux-x86_64-fedora-clang | 0.1.2 | 265.34 | NOTE | |||
r-devel-linux-x86_64-fedora-gcc | 0.1.2 | 247.28 | NOTE | |||
r-devel-windows-x86_64 | 0.1.2 | 21.00 | 144.00 | 165.00 | NOTE | |
r-patched-linux-x86_64 | 0.1.2 | 20.81 | 175.22 | 196.03 | NOTE | |
r-release-linux-x86_64 | 0.1.2 | 19.86 | 174.29 | 194.15 | NOTE | |
r-release-macos-arm64 | 0.1.2 | 75.00 | NOTE | |||
r-release-macos-x86_64 | 0.1.2 | 127.00 | NOTE | |||
r-release-windows-x86_64 | 0.1.2 | 25.00 | 180.00 | 205.00 | NOTE | |
r-oldrel-macos-arm64 | 0.1.2 | 76.00 | NOTE | |||
r-oldrel-macos-x86_64 | 0.1.2 | 117.00 | NOTE | |||
r-oldrel-windows-x86_64 | 0.1.2 | 25.00 | 183.00 | 208.00 | NOTE |
Version: 0.1.2
Check: LazyData
Result: NOTE
'LazyData' is specified without a 'data' directory
Flavors: r-devel-linux-x86_64-debian-clang, r-devel-linux-x86_64-debian-gcc, r-devel-linux-x86_64-fedora-clang, r-devel-linux-x86_64-fedora-gcc, r-devel-windows-x86_64, r-patched-linux-x86_64, r-release-linux-x86_64, r-release-macos-arm64, r-release-macos-x86_64, r-release-windows-x86_64, r-oldrel-macos-arm64, r-oldrel-macos-x86_64, r-oldrel-windows-x86_64