CRAN Package Check Results for Package buildmer

Last updated on 2021-09-21 02:48:45 CEST.

Flavor Version Tinstall Tcheck Ttotal Status Flags
r-devel-linux-x86_64-debian-clang 2.1 15.53 168.43 183.96 OK
r-devel-linux-x86_64-debian-gcc 2.1 11.26 128.92 140.18 OK
r-devel-linux-x86_64-fedora-clang 2.1 220.11 OK
r-devel-linux-x86_64-fedora-gcc 2.1 216.39 OK
r-devel-windows-x86_64 2.1 15.00 153.00 168.00 OK
r-devel-windows-x86_64-gcc10-UCRT 2.1 ERROR
r-patched-linux-x86_64 2.0 12.95 160.41 173.36 OK
r-patched-solaris-x86 2.1 205.90 NOTE
r-release-linux-x86_64 2.1 12.38 161.49 173.87 OK
r-release-macos-arm64 2.1 OK
r-release-macos-x86_64 2.1 OK
r-release-windows-ix86+x86_64 2.1 24.00 187.00 211.00 OK
r-oldrel-macos-x86_64 2.1 OK
r-oldrel-windows-ix86+x86_64 2.1 24.00 201.00 225.00 OK

Check Details

Version: 2.1
Check: whether package can be installed
Result: WARN
    Found the following significant warnings:
     WARNING: installation-time patches will not be applied, could not get the patches index
Flavor: r-devel-windows-x86_64-gcc10-UCRT

Version: 2.1
Check: PDF version of manual
Result: WARN
    LaTeX errors when creating PDF version.
    This typically indicates Rd problems.
Flavor: r-devel-windows-x86_64-gcc10-UCRT

Version: 2.1
Check: PDF version of manual without hyperrefs or index
Result: ERROR
    Re-running with no redirection of stdout/stderr.
Flavor: r-devel-windows-x86_64-gcc10-UCRT

Version: 2.1
Check: package dependencies
Result: NOTE
    Package suggested but not available for checking: ‘glmmTMB’
Flavor: r-patched-solaris-x86