Last updated on 2023-06-03 02:51:15 CEST.
Flavor | Version | Tinstall | Tcheck | Ttotal | Status | Flags |
---|---|---|---|---|---|---|
r-devel-linux-x86_64-debian-clang | 1.18.2 | 6.84 | 40.81 | 47.65 | OK | |
r-devel-linux-x86_64-debian-gcc | 1.18.2 | 5.67 | 31.72 | 37.39 | OK | |
r-devel-linux-x86_64-fedora-clang | 1.18.2 | 60.52 | NOTE | |||
r-devel-linux-x86_64-fedora-gcc | 1.18.2 | 58.40 | OK | |||
r-devel-windows-x86_64 | 1.18.2 | 10.00 | 59.00 | 69.00 | OK | |
r-patched-linux-x86_64 | 1.18.2 | OK | ||||
r-release-linux-x86_64 | 1.18.2 | 6.71 | 39.65 | 46.36 | OK | |
r-release-macos-arm64 | 1.18.2 | 26.00 | OK | |||
r-release-macos-x86_64 | 1.18.2 | 41.00 | OK | |||
r-release-windows-x86_64 | 1.18.2 | 10.00 | 61.00 | 71.00 | OK | |
r-oldrel-macos-arm64 | 1.18.2 | 27.00 | OK | |||
r-oldrel-macos-x86_64 | 1.18.2 | 32.00 | OK | |||
r-oldrel-windows-x86_64 | 1.18.2 | 10.00 | 62.00 | 72.00 | OK |
Version: 1.18.2
Check: Rd cross-references
Result: NOTE
Undeclared packages ‘pixmap’, ‘XML’, ‘exactRankTests’, ‘coin’, ‘ROCR’, ‘Epi’, ‘verification’, ‘Hmisc’, ‘gtools’, ‘magic’, ‘zoo’ in Rd xrefs
Flavor: r-devel-linux-x86_64-fedora-clang