CRAN Package Check Results for Package cape

Last updated on 2021-11-30 02:50:54 CET.

Flavor Version Tinstall Tcheck Ttotal Status Flags
r-devel-linux-x86_64-debian-clang 3.1.0 24.40 322.94 347.34 NOTE
r-devel-linux-x86_64-debian-gcc 3.1.0 21.75 238.25 260.00 NOTE
r-devel-linux-x86_64-fedora-clang 3.1.0 420.26 NOTE
r-devel-linux-x86_64-fedora-gcc 3.1.0 409.64 NOTE
r-devel-windows-x86_64-new-UL 3.1.0 48.00 391.00 439.00 NOTE
r-devel-windows-x86_64-new-TK 3.1.0 NOTE
r-devel-windows-x86_64-old 3.1.0 37.00 281.00 318.00 NOTE
r-patched-linux-x86_64 3.1.0 26.71 310.79 337.50 NOTE
r-patched-solaris-x86 3.1.0 286.90 NOTE
r-release-linux-x86_64 3.1.0 23.98 310.55 334.53 NOTE
r-release-macos-arm64 3.1.0 NOTE
r-release-macos-x86_64 3.1.0 NOTE
r-release-windows-ix86+x86_64 3.1.0 49.00 366.00 415.00 NOTE
r-oldrel-macos-x86_64 3.1.0 OK
r-oldrel-windows-ix86+x86_64 3.1.0 33.00 282.00 315.00 OK

Check Details

Version: 3.1.0
Check: LazyData
Result: NOTE
     'LazyData' is specified without a 'data' directory
Flavors: r-devel-linux-x86_64-debian-clang, r-devel-linux-x86_64-debian-gcc, r-devel-linux-x86_64-fedora-clang, r-devel-linux-x86_64-fedora-gcc, r-devel-windows-x86_64-new-UL, r-devel-windows-x86_64-new-TK, r-devel-windows-x86_64-old, r-patched-linux-x86_64, r-patched-solaris-x86, r-release-linux-x86_64, r-release-macos-arm64, r-release-macos-x86_64, r-release-windows-ix86+x86_64