CRAN Package Check Results for Package card

Last updated on 2021-07-29 02:50:59 CEST.

Flavor Version Tinstall Tcheck Ttotal Status Flags
r-devel-linux-x86_64-debian-clang 0.1.0 OK
r-devel-linux-x86_64-debian-gcc 0.1.0 9.19 97.32 106.51 OK
r-devel-linux-x86_64-fedora-clang 0.1.0 174.56 NOTE
r-devel-linux-x86_64-fedora-gcc 0.1.0 163.63 NOTE
r-devel-windows-x86_64 0.1.0 19.00 163.00 182.00 OK
r-devel-windows-x86_64-gcc10-UCRT 0.1.0 NOTE
r-patched-linux-x86_64 0.1.0 11.77 122.35 134.12 OK
r-patched-solaris-x86 0.1.0 235.60 NOTE
r-release-linux-x86_64 0.1.0 9.47 123.22 132.69 OK
r-release-macos-arm64 0.1.0 WARN
r-release-macos-x86_64 0.1.0 NOTE
r-release-windows-ix86+x86_64 0.1.0 22.00 156.00 178.00 OK
r-oldrel-macos-x86_64 0.1.0 NOTE
r-oldrel-windows-ix86+x86_64 0.1.0 18.00 157.00 175.00 OK

Check Details

Version: 0.1.0
Check: dependencies in R code
Result: NOTE
    Namespaces in Imports field not imported from:
     ‘Hmisc’ ‘methods’ ‘readr’ ‘recipes’ ‘sf’ ‘stringr’ ‘utils’
     All declared Imports should be used.
Flavors: r-devel-linux-x86_64-fedora-clang, r-devel-linux-x86_64-fedora-gcc, r-devel-windows-x86_64-gcc10-UCRT, r-patched-solaris-x86, r-release-macos-arm64, r-release-macos-x86_64, r-oldrel-macos-x86_64

Version: 0.1.0
Check: re-building of vignette outputs
Result: WARN
    Error(s) in re-building vignettes:
     ...
    --- re-building ‘circadian.Rmd’ using rmarkdown
    Warning in engine$weave(file, quiet = quiet, encoding = enc) :
     Pandoc (>= 1.12.3) not available. Falling back to R Markdown v1.
    Quitting from lines 56-100 (circadian.Rmd)
    Error: processing vignette 'circadian.Rmd' failed with diagnostics:
    polygon edge not found
    --- failed re-building ‘circadian.Rmd’
    
    --- re-building ‘cosinor.Rmd’ using rmarkdown
    Warning in engine$weave(file, quiet = quiet, encoding = enc) :
     Pandoc (>= 1.12.3) not available. Falling back to R Markdown v1.
    Quitting from lines 30-33 (cosinor.Rmd)
    Error: processing vignette 'cosinor.Rmd' failed with diagnostics:
    polygon edge not found
    --- failed re-building ‘cosinor.Rmd’
    
    SUMMARY: processing the following files failed:
     ‘circadian.Rmd’ ‘cosinor.Rmd’
    
    Error: Vignette re-building failed.
    Execution halted
Flavor: r-release-macos-arm64