CRAN Package Check Results for Package casen

Last updated on 2021-08-04 02:49:49 CEST.

Flavor Version Tinstall Tcheck Ttotal Status Flags
r-devel-linux-x86_64-debian-clang 0.1.4 10.05 116.85 126.90 OK
r-devel-linux-x86_64-debian-gcc 0.1.4 8.57 87.56 96.13 OK
r-devel-linux-x86_64-fedora-clang 0.1.4 165.62 NOTE
r-devel-linux-x86_64-fedora-gcc 0.1.4 147.96 NOTE
r-devel-windows-x86_64 0.1.4 37.00 155.00 192.00 OK
r-devel-windows-x86_64-gcc10-UCRT 0.1.4 NOTE
r-patched-linux-x86_64 0.1.4 10.89 108.77 119.66 OK
r-patched-solaris-x86 0.1.4 198.80 NOTE
r-release-linux-x86_64 0.1.4 10.48 109.87 120.35 OK
r-release-macos-arm64 0.1.4 NOTE
r-release-macos-x86_64 0.1.4 NOTE
r-release-windows-ix86+x86_64 0.1.4 23.00 147.00 170.00 OK
r-oldrel-macos-x86_64 0.1.4 NOTE
r-oldrel-windows-ix86+x86_64 0.1.4 19.00 154.00 173.00 OK

Check Details

Version: 0.1.4
Check: dependencies in R code
Result: NOTE
    Namespaces in Imports field not imported from:
     ‘janitor’ ‘tibble’
     All declared Imports should be used.
Flavors: r-devel-linux-x86_64-fedora-clang, r-devel-linux-x86_64-fedora-gcc, r-devel-windows-x86_64-gcc10-UCRT, r-patched-solaris-x86, r-release-macos-arm64, r-release-macos-x86_64, r-oldrel-macos-x86_64

Version: 0.1.4
Check: data for non-ASCII characters
Result: NOTE
     Note: found 75 marked UTF-8 strings
Flavors: r-devel-linux-x86_64-fedora-clang, r-devel-linux-x86_64-fedora-gcc, r-devel-windows-x86_64-gcc10-UCRT, r-patched-solaris-x86, r-release-macos-arm64, r-release-macos-x86_64, r-oldrel-macos-x86_64