CRAN Package Check Results for Package catseyes

Last updated on 2022-09-27 02:54:09 CEST.

Flavor Version Tinstall Tcheck Ttotal Status Flags
r-devel-linux-x86_64-debian-clang 0.2.5 2.25 24.21 26.46 NOTE
r-devel-linux-x86_64-debian-gcc 0.2.5 1.73 19.35 21.08 NOTE
r-devel-linux-x86_64-fedora-clang 0.2.5 46.53 NOTE
r-devel-linux-x86_64-fedora-gcc 0.2.5 42.88 NOTE
r-devel-windows-x86_64 0.2.5 9.00 51.00 60.00 NOTE
r-patched-linux-x86_64 0.2.5 2.33 23.85 26.18 NOTE
r-release-linux-x86_64 0.2.5 2.22 23.69 25.91 NOTE
r-release-macos-arm64 0.2.5 16.00 NOTE
r-release-macos-x86_64 0.2.5 25.00 NOTE
r-release-windows-x86_64 0.2.5 4.00 49.00 53.00 NOTE
r-oldrel-macos-arm64 0.2.5 27.00 NOTE
r-oldrel-macos-x86_64 0.2.5 30.00 NOTE
r-oldrel-windows-ix86+x86_64 0.2.5 5.00 44.00 49.00 NOTE

Check Details

Version: 0.2.5
Check: LazyData
Result: NOTE
     'LazyData' is specified without a 'data' directory
Flavors: r-devel-linux-x86_64-debian-clang, r-devel-linux-x86_64-debian-gcc, r-devel-linux-x86_64-fedora-clang, r-devel-linux-x86_64-fedora-gcc, r-devel-windows-x86_64, r-patched-linux-x86_64, r-release-linux-x86_64, r-release-macos-arm64, r-release-macos-x86_64, r-release-windows-x86_64, r-oldrel-macos-arm64, r-oldrel-macos-x86_64, r-oldrel-windows-ix86+x86_64