CRAN Package Check Results for Package ccdf

Last updated on 2022-07-01 02:54:12 CEST.

Flavor Version Tinstall Tcheck Ttotal Status Flags
r-devel-linux-x86_64-debian-clang 1.1.4 9.21 74.27 83.48 OK
r-devel-linux-x86_64-debian-gcc 1.1.4 6.31 53.97 60.28 OK
r-devel-linux-x86_64-fedora-clang 1.1.4 106.15 NOTE
r-devel-linux-x86_64-fedora-gcc 1.1.4 104.86 NOTE
r-devel-windows-x86_64 1.1.4 13.00 92.00 105.00 OK
r-patched-linux-x86_64 1.1.4 7.90 69.22 77.12 OK
r-release-linux-x86_64 1.1.4 7.21 68.00 75.21 OK
r-release-macos-arm64 1.1.4 28.00 NOTE
r-release-macos-x86_64 1.1.4 54.00 NOTE
r-release-windows-x86_64 1.1.4 16.00 96.00 112.00 OK
r-oldrel-macos-arm64 1.1.4 29.00 NOTE
r-oldrel-macos-x86_64 1.1.4 41.00 NOTE
r-oldrel-windows-ix86+x86_64 1.1.4 20.00 86.00 106.00 OK

Check Details

Version: 1.1.4
Check: dependencies in R code
Result: NOTE
    Namespace in Imports field not imported from: ‘statmod’
     All declared Imports should be used.
Flavors: r-devel-linux-x86_64-fedora-clang, r-devel-linux-x86_64-fedora-gcc, r-release-macos-arm64, r-release-macos-x86_64, r-oldrel-macos-arm64, r-oldrel-macos-x86_64