CRAN Package Check Results for Package ccrs

Last updated on 2021-06-23 02:50:46 CEST.

Flavor Version Tinstall Tcheck Ttotal Status Flags
r-devel-linux-x86_64-debian-clang 0.1.0 13.16 104.18 117.34 OK
r-devel-linux-x86_64-debian-gcc 0.1.0 10.27 79.02 89.29 OK
r-devel-linux-x86_64-fedora-clang 0.1.0 149.43 NOTE
r-devel-linux-x86_64-fedora-gcc 0.1.0 136.83 NOTE
r-devel-windows-x86_64 0.1.0 18.00 115.00 133.00 OK
r-devel-windows-x86_64-gcc10-UCRT 0.1.0 NOTE
r-patched-linux-x86_64 0.1.0 7.90 97.95 105.85 OK
r-patched-solaris-x86 0.1.0 204.60 NOTE
r-release-linux-x86_64 0.1.0 8.63 97.26 105.89 OK
r-release-macos-arm64 0.1.0 NOTE
r-release-macos-x86_64 0.1.0 NOTE
r-release-windows-ix86+x86_64 0.1.0 25.00 87.00 112.00 OK
r-oldrel-macos-x86_64 0.1.0 NOTE

Check Details

Version: 0.1.0
Check: dependencies in R code
Result: NOTE
    Namespace in Imports field not imported from: ‘methods’
     All declared Imports should be used.
Flavors: r-devel-linux-x86_64-fedora-clang, r-devel-linux-x86_64-fedora-gcc, r-devel-windows-x86_64-gcc10-UCRT, r-patched-solaris-x86, r-release-macos-arm64, r-release-macos-x86_64, r-oldrel-macos-x86_64