CRAN Package Check Results for Package ccrs

Last updated on 2023-03-31 03:52:24 CEST.

Flavor Version Tinstall Tcheck Ttotal Status Flags
r-devel-linux-x86_64-debian-clang 0.1.0 12.69 115.19 127.88 OK
r-devel-linux-x86_64-debian-gcc 0.1.0 10.97 85.63 96.60 OK
r-devel-linux-x86_64-fedora-clang 0.1.0 157.14 NOTE
r-devel-linux-x86_64-fedora-gcc 0.1.0 153.00 NOTE
r-devel-windows-x86_64 0.1.0 20.00 0.00 20.00 OK
r-patched-linux-x86_64 0.1.0 13.33 106.88 120.21 OK
r-release-linux-x86_64 0.1.0 13.43 107.30 120.73 OK
r-release-macos-arm64 0.1.0 41.00 NOTE
r-release-macos-x86_64 0.1.0 93.00 NOTE
r-release-windows-x86_64 0.1.0 16.00 140.00 156.00 OK
r-oldrel-macos-arm64 0.1.0 50.00 NOTE
r-oldrel-macos-x86_64 0.1.0 76.00 NOTE
r-oldrel-windows-ix86+x86_64 0.1.0 30.00 129.00 159.00 OK

Check Details

Version: 0.1.0
Check: dependencies in R code
Result: NOTE
    Namespace in Imports field not imported from: ‘methods’
     All declared Imports should be used.
Flavors: r-devel-linux-x86_64-fedora-clang, r-devel-linux-x86_64-fedora-gcc, r-release-macos-arm64, r-release-macos-x86_64, r-oldrel-macos-arm64, r-oldrel-macos-x86_64