CRAN Package Check Results for Package cdrcR

Last updated on 2022-01-29 02:49:42 CET.

Flavor Version Tinstall Tcheck Ttotal Status Flags
r-devel-linux-x86_64-debian-clang 0.0.1 3.36 40.19 43.55 OK
r-devel-linux-x86_64-debian-gcc 0.0.1 2.93 31.12 34.05 OK
r-devel-linux-x86_64-fedora-clang 0.0.1 49.44 NOTE
r-devel-linux-x86_64-fedora-gcc 0.0.1 38.01 NOTE
r-devel-windows-x86_64-new-UL 0.0.1 18.00 65.00 83.00 OK
r-devel-windows-x86_64-new-TK 0.0.1 NOTE
r-patched-linux-x86_64 0.0.1 3.03 32.08 35.11 OK
r-release-linux-x86_64 0.0.1 2.65 35.03 37.68 OK
r-release-macos-arm64 0.0.1 NOTE
r-release-macos-x86_64 0.0.1 NOTE
r-release-windows-ix86+x86_64 0.0.1 7.00 49.00 56.00 OK
r-oldrel-macos-x86_64 0.0.1 NOTE
r-oldrel-windows-ix86+x86_64 0.0.1 8.00 45.00 53.00 OK

Check Details

Version: 0.0.1
Check: dependencies in R code
Result: NOTE
    Namespace in Imports field not imported from: ‘urltools’
     All declared Imports should be used.
Flavors: r-devel-linux-x86_64-fedora-clang, r-devel-linux-x86_64-fedora-gcc, r-devel-windows-x86_64-new-TK, r-release-macos-arm64, r-release-macos-x86_64, r-oldrel-macos-x86_64