CRAN Package Check Results for Package cffdrs

Last updated on 2022-07-02 02:52:59 CEST.

Flavor Version Tinstall Tcheck Ttotal Status Flags
r-devel-linux-x86_64-debian-clang 1.8.18 36.59 287.52 324.11 NOTE
r-devel-linux-x86_64-debian-gcc 1.8.18 28.33 211.70 240.03 NOTE
r-devel-linux-x86_64-fedora-clang 1.8.18 379.45 OK
r-devel-linux-x86_64-fedora-gcc 1.8.18 386.29 OK
r-devel-windows-x86_64 1.8.18 33.00 275.00 308.00 OK
r-patched-linux-x86_64 1.8.18 36.45 274.62 311.07 OK
r-release-linux-x86_64 1.8.18 32.12 274.00 306.12 OK
r-release-macos-arm64 1.8.18 80.00 OK
r-release-macos-x86_64 1.8.18 116.00 OK
r-release-windows-x86_64 1.8.18 36.00 280.00 316.00 OK
r-oldrel-macos-arm64 1.8.18 56.00 OK
r-oldrel-macos-x86_64 1.8.18 92.00 OK
r-oldrel-windows-ix86+x86_64 1.8.18 67.00 277.00 344.00 OK

Check Details

Version: 1.8.18
Check: HTML version of manual
Result: NOTE
    Found the following problems:
    fbp.Rd:283:38: Warning: nested emphasis <code>
    fbp.Rd:287:38: Warning: nested emphasis <code>
    fbp.Rd:291:38: Warning: nested emphasis <code>
    fbp.Rd:295:38: Warning: nested emphasis <code>
    fbp.Rd:299:38: Warning: nested emphasis <code>
    fbp.Rd:303:38: Warning: nested emphasis <code>
    fbp.Rd:307:38: Warning: nested emphasis <code>
    fbp.Rd:311:38: Warning: nested emphasis <code>
    fbp.Rd:319:38: Warning: nested emphasis <code>
    fbp.Rd:323:38: Warning: nested emphasis <code>
    fbp.Rd:327:38: Warning: nested emphasis <code>
    fbp.Rd:331:38: Warning: nested emphasis <code>
    fbp.Rd:335:38: Warning: nested emphasis <code>
    fbp.Rd:339:38: Warning: nested emphasis <code>
    fbp.Rd:343:38: Warning: nested emphasis <code>
    fbp.Rd:347:38: Warning: nested emphasis <code>
    fbp.Rd:351:38: Warning: nested emphasis <code>
    fbp.Rd:355:38: Warning: nested emphasis <code>
    fbp.Rd:359:38: Warning: nested emphasis <code>
    fbp.Rd:363:38: Warning: nested emphasis <code>
    fbp.Rd:367:38: Warning: nested emphasis <code>
    fbp.Rd:371:38: Warning: nested emphasis <code>
    fbp.Rd:375:38: Warning: nested emphasis <code>
    fbp.Rd:379:38: Warning: nested emphasis <code>
    fbp.Rd:383:38: Warning: nested emphasis <code>
    fbp.Rd:387:38: Warning: nested emphasis <code>
    fbp.Rd:391:38: Warning: nested emphasis <code>
    fbp.Rd:395:38: Warning: nested emphasis <code>
    fbp.Rd:399:38: Warning: nested emphasis <code>
    fbp.Rd:403:38: Warning: nested emphasis <code>
    fbp.Rd:407:38: Warning: nested emphasis <code>
    fbp.Rd:411:38: Warning: nested emphasis <code>
    fbp.Rd:415:38: Warning: nested emphasis <code>
    fbp.Rd:419:38: Warning: nested emphasis <code>
    fbp.Rd:423:38: Warning: nested emphasis <code>
    fbp.Rd:427:38: Warning: nested emphasis <code>
    fbp.Rd:431:38: Warning: nested emphasis <code>
    fbp.Rd:435:38: Warning: nested emphasis <code>
    fbp.Rd:439:38: Warning: nested emphasis <code>
    fbp.Rd:443:38: Warning: nested emphasis <code>
    fbp.Rd:447:38: Warning: nested emphasis <code>
    fbp.Rd:451:38: Warning: nested emphasis <code>
    fbpRaster.Rd:353:38: Warning: nested emphasis <code>
    fbpRaster.Rd:357:38: Warning: nested emphasis <code>
    fbpRaster.Rd:361:38: Warning: nested emphasis <code>
    fbpRaster.Rd:365:38: Warning: nested emphasis <code>
    fbpRaster.Rd:369:38: Warning: nested emphasis <code>
    fbpRaster.Rd:373:38: Warning: nested emphasis <code>
    fbpRaster.Rd:377:38: Warning: nested emphasis <code>
    fbpRaster.Rd:381:38: Warning: nested emphasis <code>
    fbpRaster.Rd:389:38: Warning: nested emphasis <code>
    fbpRaster.Rd:393:38: Warning: nested emphasis <code>
    fbpRaster.Rd:397:38: Warning: nested emphasis <code>
    fbpRaster.Rd:401:38: Warning: nested emphasis <code>
    fbpRaster.Rd:405:38: Warning: nested emphasis <code>
    fbpRaster.Rd:409:38: Warning: nested emphasis <code>
    fbpRaster.Rd:413:38: Warning: nested emphasis <code>
    fbpRaster.Rd:417:38: Warning: nested emphasis <code>
    fbpRaster.Rd:421:38: Warning: nested emphasis <code>
    fbpRaster.Rd:425:38: Warning: nested emphasis <code>
    fbpRaster.Rd:429:38: Warning: nested emphasis <code>
    fbpRaster.Rd:433:38: Warning: nested emphasis <code>
    fbpRaster.Rd:437:38: Warning: nested emphasis <code>
    fbpRaster.Rd:441:38: Warning: nested emphasis <code>
    fbpRaster.Rd:445:38: Warning: nested emphasis <code>
    fbpRaster.Rd:449:38: Warning: nested emphasis <code>
    fbpRaster.Rd:453:38: Warning: nested emphasis <code>
    fbpRaster.Rd:457:38: Warning: nested emphasis <code>
    fbpRaster.Rd:461:38: Warning: nested emphasis <code>
    fbpRaster.Rd:465:38: Warning: nested emphasis <code>
    fbpRaster.Rd:469:38: Warning: nested emphasis <code>
    fbpRaster.Rd:473:38: Warning: nested emphasis <code>
    fbpRaster.Rd:477:38: Warning: nested emphasis <code>
    fbpRaster.Rd:481:38: Warning: nested emphasis <code>
    fbpRaster.Rd:485:38: Warning: nested emphasis <code>
    fbpRaster.Rd:489:38: Warning: nested emphasis <code>
    fbpRaster.Rd:493:38: Warning: nested emphasis <code>
    fbpRaster.Rd:497:38: Warning: nested emphasis <code>
    fbpRaster.Rd:501:38: Warning: nested emphasis <code>
    fbpRaster.Rd:505:38: Warning: nested emphasis <code>
    fbpRaster.Rd:509:38: Warning: nested emphasis <code>
    fbpRaster.Rd:513:38: Warning: nested emphasis <code>
    fbpRaster.Rd:517:38: Warning: nested emphasis <code>
    fbpRaster.Rd:521:38: Warning: nested emphasis <code>
Flavors: r-devel-linux-x86_64-debian-clang, r-devel-linux-x86_64-debian-gcc