CRAN Package Check Results for Package cfmortality

Last updated on 2022-01-29 02:49:42 CET.

Flavor Version Tinstall Tcheck Ttotal Status Flags
r-devel-linux-x86_64-debian-clang 0.3.0 2.06 28.11 30.17 NOTE
r-devel-linux-x86_64-debian-gcc 0.3.0 1.21 22.06 23.27 NOTE
r-devel-linux-x86_64-fedora-clang 0.3.0 37.01 NOTE
r-devel-linux-x86_64-fedora-gcc 0.3.0 25.83 NOTE
r-devel-windows-x86_64-new-UL 0.3.0 17.00 42.00 59.00 NOTE
r-devel-windows-x86_64-new-TK 0.3.0 NOTE
r-patched-linux-x86_64 0.3.0 1.94 26.24 28.18 NOTE
r-release-linux-x86_64 0.3.0 1.48 26.55 28.03 NOTE
r-release-macos-arm64 0.3.0 NOTE
r-release-macos-x86_64 0.3.0 NOTE
r-release-windows-ix86+x86_64 0.3.0 5.00 24.00 29.00 NOTE
r-oldrel-macos-x86_64 0.3.0 OK
r-oldrel-windows-ix86+x86_64 0.3.0 5.00 24.00 29.00 OK

Check Details

Version: 0.3.0
Check: LazyData
Result: NOTE
     'LazyData' is specified without a 'data' directory
Flavors: r-devel-linux-x86_64-debian-clang, r-devel-linux-x86_64-debian-gcc, r-devel-linux-x86_64-fedora-clang, r-devel-linux-x86_64-fedora-gcc, r-devel-windows-x86_64-new-UL, r-devel-windows-x86_64-new-TK, r-patched-linux-x86_64, r-release-linux-x86_64, r-release-macos-arm64, r-release-macos-x86_64, r-release-windows-ix86+x86_64