CRAN Package Check Results for Package cherryblossom

Last updated on 2021-09-22 02:49:07 CEST.

Flavor Version Tinstall Tcheck Ttotal Status Flags
r-devel-linux-x86_64-debian-clang 0.1.0 2.54 26.14 28.68 OK
r-devel-linux-x86_64-debian-gcc 0.1.0 2.20 20.79 22.99 OK
r-devel-linux-x86_64-fedora-clang 0.1.0 43.74 OK
r-devel-linux-x86_64-fedora-gcc 0.1.0 33.00 OK
r-devel-windows-x86_64 0.1.0 4.00 33.00 37.00 OK
r-devel-windows-x86_64-gcc10-UCRT 0.1.0 ERROR
r-patched-linux-x86_64 0.1.0 2.36 24.93 27.29 OK
r-patched-solaris-x86 0.1.0 51.60 OK
r-release-linux-x86_64 0.1.0 2.40 25.45 27.85 OK
r-release-macos-arm64 0.1.0 OK
r-release-macos-x86_64 0.1.0 OK
r-release-windows-ix86+x86_64 0.1.0 6.00 32.00 38.00 OK
r-oldrel-macos-x86_64 0.1.0 OK
r-oldrel-windows-ix86+x86_64 0.1.0 6.00 35.00 41.00 OK

Check Details

Version: 0.1.0
Check: whether package can be installed
Result: WARN
    Found the following significant warnings:
     WARNING: installation-time patches will not be applied, could not get the patches index
Flavor: r-devel-windows-x86_64-gcc10-UCRT

Version: 0.1.0
Check: PDF version of manual
Result: WARN
    LaTeX errors when creating PDF version.
    This typically indicates Rd problems.
Flavor: r-devel-windows-x86_64-gcc10-UCRT

Version: 0.1.0
Check: PDF version of manual without hyperrefs or index
Result: ERROR
    Re-running with no redirection of stdout/stderr.
Flavor: r-devel-windows-x86_64-gcc10-UCRT