CRAN Package Check Results for Package chess

Last updated on 2022-06-29 02:55:07 CEST.

Flavor Version Tinstall Tcheck Ttotal Status Flags
r-devel-linux-x86_64-debian-clang 1.0.1 7.09 78.88 85.97 NOTE
r-devel-linux-x86_64-debian-gcc 1.0.1 5.24 59.72 64.96 NOTE
r-devel-linux-x86_64-fedora-clang 1.0.1 111.23 NOTE
r-devel-linux-x86_64-fedora-gcc 1.0.1 109.91 NOTE
r-devel-windows-x86_64 1.0.1 24.00 111.00 135.00 NOTE
r-patched-linux-x86_64 1.0.1 7.63 74.48 82.11 NOTE
r-release-linux-x86_64 1.0.1 6.92 76.36 83.28 NOTE
r-release-macos-arm64 1.0.1 32.00 NOTE
r-release-macos-x86_64 1.0.1 52.00 NOTE
r-release-windows-x86_64 1.0.1 26.00 112.00 138.00 NOTE
r-oldrel-macos-arm64 1.0.1 35.00 NOTE
r-oldrel-macos-x86_64 1.0.1 73.00 NOTE
r-oldrel-windows-ix86+x86_64 1.0.1 17.00 95.00 112.00 NOTE

Check Details

Version: 1.0.1
Check: LazyData
Result: NOTE
     'LazyData' is specified without a 'data' directory
Flavors: r-devel-linux-x86_64-debian-clang, r-devel-linux-x86_64-debian-gcc, r-devel-linux-x86_64-fedora-clang, r-devel-linux-x86_64-fedora-gcc, r-devel-windows-x86_64, r-patched-linux-x86_64, r-release-linux-x86_64, r-release-macos-arm64, r-release-macos-x86_64, r-release-windows-x86_64, r-oldrel-macos-arm64, r-oldrel-macos-x86_64, r-oldrel-windows-ix86+x86_64