CRAN Package Check Results for Package chicane

Last updated on 2022-06-29 02:55:07 CEST.

Flavor Version Tinstall Tcheck Ttotal Status Flags
r-devel-linux-x86_64-debian-clang 0.1.8 13.25 621.13 634.38 NOTE
r-devel-linux-x86_64-debian-gcc 0.1.8 11.28 530.38 541.66 NOTE
r-devel-linux-x86_64-fedora-clang 0.1.8 762.33 NOTE
r-devel-linux-x86_64-fedora-gcc 0.1.8 783.59 NOTE
r-devel-windows-x86_64 0.1.8 49.00 718.00 767.00 NOTE
r-patched-linux-x86_64 0.1.8 8.00 597.63 605.63 NOTE
r-release-linux-x86_64 0.1.8 8.40 589.23 597.63 NOTE
r-release-macos-arm64 0.1.8 264.00 NOTE
r-release-macos-x86_64 0.1.8 386.00 NOTE
r-release-windows-x86_64 0.1.8 46.00 740.00 786.00 NOTE
r-oldrel-macos-arm64 0.1.8 282.00 NOTE
r-oldrel-macos-x86_64 0.1.8 265.00 NOTE
r-oldrel-windows-ix86+x86_64 0.1.8 27.00 709.00 736.00 NOTE

Check Details

Version: 0.1.8
Check: package dependencies
Result: NOTE
    Package suggested but not available for checking: 'countreg'
Flavors: r-devel-linux-x86_64-debian-clang, r-devel-linux-x86_64-debian-gcc, r-devel-linux-x86_64-fedora-clang, r-devel-linux-x86_64-fedora-gcc, r-devel-windows-x86_64, r-patched-linux-x86_64, r-release-linux-x86_64, r-release-macos-x86_64, r-release-windows-x86_64, r-oldrel-macos-arm64, r-oldrel-windows-ix86+x86_64

Version: 0.1.8
Check: dependencies in R code
Result: NOTE
    Namespaces in Imports field not imported from:
     'knitr' 'rmarkdown'
     All declared Imports should be used.
Flavors: r-devel-linux-x86_64-fedora-clang, r-devel-linux-x86_64-fedora-gcc, r-release-macos-arm64, r-release-macos-x86_64, r-oldrel-macos-arm64, r-oldrel-macos-x86_64

Version: 0.1.8
Check: package dependencies
Result: NOTE
    Packages suggested but not available for checking:
     'GenomicInteractions', 'GenomicRanges', 'Gviz', 'countreg'
Flavor: r-release-macos-arm64

Version: 0.1.8
Check: package dependencies
Result: NOTE
    Packages suggested but not available for checking:
     'GenomicInteractions', 'countreg'
Flavor: r-oldrel-macos-x86_64