CRAN Package Check Results for Package chicane

Last updated on 2021-09-22 02:49:07 CEST.

Flavor Version Tinstall Tcheck Ttotal Status Flags
r-devel-linux-x86_64-debian-clang 0.1.6 12.86 566.84 579.70 NOTE
r-devel-linux-x86_64-debian-gcc 0.1.6 9.35 479.00 488.35 NOTE
r-devel-linux-x86_64-fedora-clang 0.1.7 620.93 NOTE
r-devel-linux-x86_64-fedora-gcc 0.1.7 570.05 NOTE
r-devel-windows-x86_64 0.1.6 13.00 601.00 614.00 NOTE
r-devel-windows-x86_64-gcc10-UCRT 0.1.6 ERROR
r-patched-linux-x86_64 0.1.6 10.69 523.53 534.22 NOTE
r-patched-solaris-x86 0.1.7 568.80 NOTE
r-release-linux-x86_64 0.1.6 9.41 524.56 533.97 NOTE
r-release-macos-arm64 0.1.6 NOTE
r-release-macos-x86_64 0.1.6 NOTE
r-release-windows-ix86+x86_64 0.1.6 25.00 551.00 576.00 NOTE
r-oldrel-macos-x86_64 0.1.6 NOTE
r-oldrel-windows-ix86+x86_64 0.1.6 24.00 698.00 722.00 NOTE

Check Details

Version: 0.1.6
Check: package dependencies
Result: NOTE
    Package suggested but not available for checking: 'countreg'
Flavors: r-devel-linux-x86_64-debian-clang, r-devel-linux-x86_64-debian-gcc, r-devel-windows-x86_64, r-patched-linux-x86_64, r-release-linux-x86_64, r-release-windows-ix86+x86_64, r-oldrel-windows-ix86+x86_64

Version: 0.1.7
Check: package dependencies
Result: NOTE
    Package suggested but not available for checking: ‘countreg’
Flavors: r-devel-linux-x86_64-fedora-clang, r-devel-linux-x86_64-fedora-gcc, r-patched-solaris-x86

Version: 0.1.7
Check: dependencies in R code
Result: NOTE
    Namespaces in Imports field not imported from:
     'knitr' 'rmarkdown'
     All declared Imports should be used.
Flavors: r-devel-linux-x86_64-fedora-clang, r-devel-linux-x86_64-fedora-gcc, r-patched-solaris-x86

Version: 0.1.6
Check: package dependencies
Result: NOTE
    Packages suggested but not available for checking:
     'GenomicInteractions', 'Gviz', 'countreg'
Flavor: r-devel-windows-x86_64-gcc10-UCRT

Version: 0.1.6
Check: whether package can be installed
Result: WARN
    Found the following significant warnings:
     WARNING: installation-time patches will not be applied, could not get the patches index
Flavor: r-devel-windows-x86_64-gcc10-UCRT

Version: 0.1.6
Check: dependencies in R code
Result: NOTE
    Namespaces in Imports field not imported from:
     'knitr' 'rmarkdown'
     All declared Imports should be used.
Flavors: r-devel-windows-x86_64-gcc10-UCRT, r-release-macos-arm64, r-release-macos-x86_64, r-oldrel-macos-x86_64

Version: 0.1.6
Check: PDF version of manual
Result: WARN
    LaTeX errors when creating PDF version.
    This typically indicates Rd problems.
Flavor: r-devel-windows-x86_64-gcc10-UCRT

Version: 0.1.6
Check: PDF version of manual without hyperrefs or index
Result: ERROR
    Re-running with no redirection of stdout/stderr.
Flavor: r-devel-windows-x86_64-gcc10-UCRT

Version: 0.1.6
Check: package dependencies
Result: NOTE
    Packages suggested but not available for checking:
     'GenomicInteractions', 'GenomicRanges', 'Gviz', 'countreg'
Flavor: r-release-macos-arm64

Version: 0.1.6
Check: package dependencies
Result: NOTE
    Packages suggested but not available for checking:
     'GenomicInteractions', 'countreg'
Flavors: r-release-macos-x86_64, r-oldrel-macos-x86_64