CRAN Package Check Results for Package choroplethr

Last updated on 2022-10-07 03:55:49 CEST.

Flavor Version Tinstall Tcheck Ttotal Status Flags
r-devel-linux-x86_64-debian-clang 3.7.0 29.55 186.18 215.73 NOTE
r-devel-linux-x86_64-debian-gcc 3.7.1 20.52 136.56 157.08 OK
r-devel-linux-x86_64-fedora-clang 3.7.1 279.08 NOTE
r-devel-linux-x86_64-fedora-gcc 3.7.1 253.47 NOTE
r-devel-windows-x86_64 3.7.1 66.00 254.00 320.00 OK
r-patched-linux-x86_64 3.7.0 18.00 175.02 193.02 OK
r-release-linux-x86_64 3.7.1 18.40 172.51 190.91 OK
r-release-macos-arm64 3.7.0 66.00 NOTE
r-release-macos-x86_64 3.7.0 119.00 NOTE
r-release-windows-x86_64 3.7.1 78.00 249.00 327.00 OK
r-oldrel-macos-arm64 3.7.0 80.00 NOTE
r-oldrel-macos-x86_64 3.7.0 144.00 NOTE
r-oldrel-windows-ix86+x86_64 3.7.1 81.00 255.00 336.00 OK

Check Details

Version: 3.7.0
Check: HTML version of manual
Result: NOTE
    Found the following HTML validation problems:
    Admin1Choropleth.html:55:6: Warning: missing </span> before <p>
    Admin1Choropleth.html:55:94: Warning: inserting implicit <span>
    Admin1Choropleth.html:58:6: Warning: missing </span> before <p>
    Admin1Choropleth.html:58:94: Warning: inserting implicit <span>
    Admin1Choropleth.html:61:6: Warning: missing </span> before <p>
    Admin1Choropleth.html:61:100: Warning: inserting implicit <span>
    Admin1Choropleth.html:64:6: Warning: missing </span> before <p>
    Admin1Choropleth.html:64:103: Warning: inserting implicit <span>
    Admin1Choropleth.html:67:6: Warning: missing </span> before <p>
    Admin1Choropleth.html:67:106: Warning: inserting implicit <span>
    Admin1Choropleth.html:70:6: Warning: missing </span> before <p>
    Admin1Choropleth.html:70:115: Warning: inserting implicit <span>
    Admin1Choropleth.html:73:6: Warning: missing </span> before <p>
    Admin1Choropleth.html:73:101: Warning: inserting implicit <span>
    Admin1Choropleth.html:76:6: Warning: missing </span> before <p>
    Admin1Choropleth.html:76:102: Warning: inserting implicit <span>
    Admin1Choropleth.html:79:6: Warning: missing </span> before <p>
    Admin1Choropleth.html:79:101: Warning: inserting implicit <span>
    Admin1Choropleth.html:82:6: Warning: missing </span> before <p>
    Admin1Choropleth.html:82:102: Warning: inserting implicit <span>
    Admin1Choropleth.html:85:6: Warning: missing </span> before <p>
    Admin1Choropleth.html:85:107: Warning: inserting implicit <span>
    Admin1Choropleth.html:88:6: Warning: missing </span> before <p>
    Admin1Choropleth.html:88:99: Warning: inserting implicit <span>
    Admin1Choropleth.html:91:6: Warning: missing </span> before <p>
    Admin1Choropleth.html:91:101: Warning: inserting implicit <span>
    Admin1Choropleth.html:94:6: Warning: missing </span> before <p>
    Admin1Choropleth.html:94:101: Warning: inserting implicit <span>
    Admin1Choropleth.html:97:6: Warning: missing </span> before <p>
    Admin1Choropleth.html:97:98: Warning: inserting implicit <span>
    Admin1Choropleth.html:100:6: Warning: missing </span> before <p>
    Admin1Choropleth.html:100:101: Warning: inserting implicit <span>
    Admin1Choropleth.html:103:6: Warning: missing </span> before <p>
    Admin1Choropleth.html:103:96: Warning: inserting implicit <span>
    Admin1Choropleth.html:106:6: Warning: missing </span> before <p>
    Admin1Choropleth.html:106:115: Warning: inserting implicit <span>
    Admin1Choropleth.html:109:6: Warning: missing </span> before <p>
    Admin1Choropleth.html:109:104: Warning: inserting implicit <span>
    Admin1Choropleth.html:112:6: Warning: missing </span> before <p>
    Admin1Choropleth.html:112:98: Warning: inserting implicit <span>
    Admin1Choropleth.html:115:6: Warning: missing </span> before <p>
    Admin1Choropleth.html:115:101: Warning: inserting implicit <span>
    Admin1Choropleth.html:118:6: Warning: missing </span> before <p>
    Admin1Choropleth.html:118:101: Warning: inserting implicit <span>
    Admin1RegionChoropleth.html:55:6: Warning: missing </span> before <p>
    Admin1RegionChoropleth.html:55:94: Warning: inserting implicit <span>
    Admin1RegionChoropleth.html:58:6: Warning: missing </span> before <p>
    Admin1RegionChoropleth.html:58:94: Warning: inserting implicit <span>
    Admin1RegionChoropleth.html:61:6: Warning: missing </span> before <p>
    Admin1RegionChoropleth.html:61:100: Warning: inserting implicit <span>
    Admin1RegionChoropleth.html:64:6: Warning: missing </span> before <p>
    Admin1RegionChoropleth.html:64:103: Warning: inserting implicit <span>
    Admin1RegionChoropleth.html:67:6: Warning: missing </span> before <p>
    Admin1RegionChoropleth.html:67:106: Warning: inserting implicit <span>
    Admin1RegionChoropleth.html:70:6: Warning: missing </span> before <p>
    Admin1RegionChoropleth.html:70:115: Warning: inserting implicit <span>
    Admin1RegionChoropleth.html:73:6: Warning: missing </span> before <p>
    Admin1RegionChoropleth.html:73:101: Warning: inserting implicit <span>
    Admin1RegionChoropleth.html:76:6: Warning: missing </span> before <p>
    Admin1RegionChoropleth.html:76:102: Warning: inserting implicit <span>
    Admin1RegionChoropleth.html:79:6: Warning: missing </span> before <p>
    Admin1RegionChoropleth.html:79:101: Warning: inserting implicit <span>
    Admin1RegionChoropleth.html:82:6: Warning: missing </span> before <p>
    Admin1RegionChoropleth.html:82:102: Warning: inserting implicit <span>
    Admin1RegionChoropleth.html:85:6: Warning: missing </span> before <p>
    Admin1RegionChoropleth.html:85:107: Warning: inserting implicit <span>
    Admin1RegionChoropleth.html:88:6: Warning: missing </span> before <p>
    Admin1RegionChoropleth.html:88:99: Warning: inserting implicit <span>
    Admin1RegionChoropleth.html:91:6: Warning: missing </span> before <p>
    Admin1RegionChoropleth.html:91:101: Warning: inserting implicit <span>
    Admin1RegionChoropleth.html:94:6: Warning: missing </span> before <p>
    Admin1RegionChoropleth.html:94:101: Warning: inserting implicit <span>
    Admin1RegionChoropleth.html:97:6: Warning: missing </span> before <p>
    Admin1RegionChoropleth.html:97:98: Warning: inserting implicit <span>
    Admin1RegionChoropleth.html:100:6: Warning: missing </span> before <p>
    Admin1RegionChoropleth.html:100:101: Warning: inserting implicit <span>
    Admin1RegionChoropleth.html:103:6: Warning: missing </span> before <p>
    Admin1RegionChoropleth.html:103:96: Warning: inserting implicit <span>
    Admin1RegionChoropleth.html:106:6: Warning: missing </span> before <p>
    Admin1RegionChoropleth.html:106:115: Warning: inserting implicit <span>
    Admin1RegionChoropleth.html:109:6: Warning: missing </span> before <p>
    Admin1RegionChoropleth.html:109:104: Warning: inserting implicit <span>
    Admin1RegionChoropleth.html:112:6: Warning: missing </span> before <p>
    Admin1RegionChoropleth.html:112:98: Warning: inserting implicit <span>
    Admin1RegionChoropleth.html:115:6: Warning: missing </span> before <p>
    Admin1RegionChoropleth.html:115:101: Warning: inserting implicit <span>
    Admin1RegionChoropleth.html:118:6: Warning: missing </span> before <p>
    Admin1RegionChoropleth.html:118:101: Warning: inserting implicit <span>
    CountryChoropleth.html:55:6: Warning: missing </span> before <p>
    CountryChoropleth.html:55:94: Warning: inserting implicit <span>
    CountryChoropleth.html:58:6: Warning: missing </span> before <p>
    CountryChoropleth.html:58:94: Warning: inserting implicit <span>
    CountryChoropleth.html:61:6: Warning: missing </span> before <p>
    CountryChoropleth.html:61:100: Warning: inserting implicit <span>
    CountryChoropleth.html:64:6: Warning: missing </span> before <p>
    CountryChoropleth.html:64:103: Warning: inserting implicit <span>
    CountryChoropleth.html:67:6: Warning: missing </span> before <p>
    CountryChoropleth.html:67:106: Warning: inserting implicit <span>
    CountryChoropleth.html:70:6: Warning: missing </span> before <p>
    CountryChoropleth.html:70:115: Warning: inserting implicit <span>
    CountryChoropleth.html:73:6: Warning: missing </span> before <p>
    CountryChoropleth.html:73:101: Warning: inserting implicit <span>
    CountryChoropleth.html:76:6: Warning: missing </span> before <p>
    CountryChoropleth.html:76:102: Warning: inserting implicit <span>
    CountryChoropleth.html:79:6: Warning: missing </span> before <p>
    CountryChoropleth.html:79:101: Warning: inserting implicit <span>
    CountryChoropleth.html:82:6: Warning: missing </span> before <p>
    CountryChoropleth.html:82:102: Warning: inserting implicit <span>
    CountryChoropleth.html:85:6: Warning: missing </span> before <p>
    CountryChoropleth.html:85:107: Warning: inserting implicit <span>
    CountryChoropleth.html:88:6: Warning: missing </span> before <p>
    CountryChoropleth.html:88:99: Warning: inserting implicit <span>
    CountryChoropleth.html:91:6: Warning: missing </span> before <p>
    CountryChoropleth.html:91:101: Warning: inserting implicit <span>
    CountryChoropleth.html:94:6: Warning: missing </span> before <p>
    CountryChoropleth.html:94:101: Warning: inserting implicit <span>
    CountryChoropleth.html:97:6: Warning: missing </span> before <p>
    CountryChoropleth.html:97:98: Warning: inserting implicit <span>
    CountryChoropleth.html:100:6: Warning: missing </span> before <p>
    CountryChoropleth.html:100:101: Warning: inserting implicit <span>
    CountryChoropleth.html:103:6: Warning: missing </span> before <p>
    CountryChoropleth.html:103:96: Warning: inserting implicit <span>
    CountryChoropleth.html:106:6: Warning: missing </span> before <p>
    CountryChoropleth.html:106:115: Warning: inserting implicit <span>
    CountryChoropleth.html:109:6: Warning: missing </span> before <p>
    CountryChoropleth.html:109:104: Warning: inserting implicit <span>
    CountryChoropleth.html:112:6: Warning: missing </span> before <p>
    CountryChoropleth.html:112:98: Warning: inserting implicit <span>
    CountryChoropleth.html:115:6: Warning: missing </span> before <p>
    CountryChoropleth.html:115:101: Warning: inserting implicit <span>
    CountryChoropleth.html:118:6: Warning: missing </span> before <p>
    CountryChoropleth.html:118:101: Warning: inserting implicit <span>
    CountyChoropleth.html:58:6: Warning: missing </span> before <p>
    CountyChoropleth.html:58:94: Warning: inserting implicit <span>
    CountyChoropleth.html:61:6: Warning: missing </span> before <p>
    CountyChoropleth.html:61:100: Warning: inserting implicit <span>
    CountyChoropleth.html:64:6: Warning: missing </span> before <p>
    CountyChoropleth.html:64:103: Warning: inserting implicit <span>
    CountyChoropleth.html:67:6: Warning: missing </span> before <p>
    CountyChoropleth.html:67:106: Warning: inserting implicit <span>
    CountyChoropleth.html:70:6: Warning: missing </span> before <p>
    CountyChoropleth.html:70:115: Warning: inserting implicit <span>
    CountyChoropleth.html:73:6: Warning: missing </span> before <p>
    CountyChoropleth.html:73:101: Warning: inserting implicit <span>
    CountyChoropleth.html:76:6: Warning: missing </span> before <p>
    CountyChoropleth.html:76:102: Warning: inserting implicit <span>
    CountyChoropleth.html:79:6: Warning: missing </span> before <p>
    CountyChoropleth.html:79:101: Warning: inserting implicit <span>
    CountyChoropleth.html:82:6: Warning: missing </span> before <p>
    CountyChoropleth.html:82:102: Warning: inserting implicit <span>
    CountyChoropleth.html:85:6: Warning: missing </span> before <p>
    CountyChoropleth.html:85:107: Warning: inserting implicit <span>
    CountyChoropleth.html:88:6: Warning: missing </span> before <p>
    CountyChoropleth.html:88:99: Warning: inserting implicit <span>
    CountyChoropleth.html:91:6: Warning: missing </span> before <p>
    CountyChoropleth.html:91:101: Warning: inserting implicit <span>
    CountyChoropleth.html:94:6: Warning: missing </span> before <p>
    CountyChoropleth.html:94:101: Warning: inserting implicit <span>
    CountyChoropleth.html:97:6: Warning: missing </span> before <p>
    CountyChoropleth.html:97:98: Warning: inserting implicit <span>
    CountyChoropleth.html:100:6: Warning: missing </span> before <p>
    CountyChoropleth.html:100:101: Warning: inserting implicit <span>
    CountyChoropleth.html:103:6: Warning: missing </span> before <p>
    CountyChoropleth.html:103:115: Warning: inserting implicit <span>
    CountyChoropleth.html:106:6: Warning: missing </span> before <p>
    CountyChoropleth.html:106:104: Warning: inserting implicit <span>
    CountyChoropleth.html:109:6: Warning: missing </span> before <p>
    CountyChoropleth.html:109:101: Warning: inserting implicit <span>
    CountyChoropleth.html:112:6: Warning: missing </span> before <p>
    CountyChoropleth.html:112:101: Warning: inserting implicit <span>
    CountyChoropleth.html:115:6: Warning: missing </span> before <p>
    CountyChoropleth.html:115:99: Warning: inserting implicit <span>
    CountyChoropleth.html:118:6: Warning: missing </span> before <p>
    CountyChoropleth.html:118:106: Warning: inserting implicit <span>
    CountyChoropleth.html:121:6: Warning: missing </span> before <p>
    CountyChoropleth.html:121:113: Warning: inserting implicit <span>
    CountyChoropleth.html:124:6: Warning: missing </span> before <p>
    CountyChoropleth.html:124:101: Warning: inserting implicit <span>
    CountyZoomChoropleth.html:58:6: Warning: missing </span> before <p>
    CountyZoomChoropleth.html:58:94: Warning: inserting implicit <span>
    CountyZoomChoropleth.html:61:6: Warning: missing </span> before <p>
    CountyZoomChoropleth.html:61:94: Warning: inserting implicit <span>
    CountyZoomChoropleth.html:64:6: Warning: missing </span> before <p>
    CountyZoomChoropleth.html:64:100: Warning: inserting implicit <span>
    CountyZoomChoropleth.html:67:6: Warning: missing </span> before <p>
    CountyZoomChoropleth.html:67:103: Warning: inserting implicit <span>
    CountyZoomChoropleth.html:70:6: Warning: missing </span> before <p>
    CountyZoomChoropleth.html:70:106: Warning: inserting implicit <span>
    CountyZoomChoropleth.html:73:6: Warning: missing </span> before <p>
    CountyZoomChoropleth.html:73:115: Warning: inserting implicit <span>
    CountyZoomChoropleth.html:76:6: Warning: missing </span> before <p>
    CountyZoomChoropleth.html:76:101: Warning: inserting implicit <span>
    CountyZoomChoropleth.html:79:6: Warning: missing </span> before <p>
    CountyZoomChoropleth.html:79:102: Warning: inserting implicit <span>
    CountyZoomChoropleth.html:82:6: Warning: missing </span> before <p>
    CountyZoomChoropleth.html:82:101: Warning: inserting implicit <span>
    CountyZoomChoropleth.html:85:6: Warning: missing </span> before <p>
    CountyZoomChoropleth.html:85:102: Warning: inserting implicit <span>
    CountyZoomChoropleth.html:88:6: Warning: missing </span> before <p>
    CountyZoomChoropleth.html:88:107: Warning: inserting implicit <span>
    CountyZoomChoropleth.html:91:6: Warning: missing </span> before <p>
    CountyZoomChoropleth.html:91:99: Warning: inserting implicit <span>
    CountyZoomChoropleth.html:94:6: Warning: missing </span> before <p>
    CountyZoomChoropleth.html:94:101: Warning: inserting implicit <span>
    CountyZoomChoropleth.html:97:6: Warning: missing </span> before <p>
    CountyZoomChoropleth.html:97:101: Warning: inserting implicit <span>
    CountyZoomChoropleth.html:100:6: Warning: missing </span> before <p>
    CountyZoomChoropleth.html:100:98: Warning: inserting implicit <span>
    CountyZoomChoropleth.html:103:6: Warning: missing </span> before <p>
    CountyZoomChoropleth.html:103:101: Warning: inserting implicit <span>
    CountyZoomChoropleth.html:106:6: Warning: missing </span> before <p>
    CountyZoomChoropleth.html:106:115: Warning: inserting implicit <span>
    CountyZoomChoropleth.html:109:6: Warning: missing </span> before <p>
    CountyZoomChoropleth.html:109:104: Warning: inserting implicit <span>
    CountyZoomChoropleth.html:112:6: Warning: missing </span> before <p>
    CountyZoomChoropleth.html:112:98: Warning: inserting implicit <span>
    CountyZoomChoropleth.html:115:6: Warning: missing </span> before <p>
    CountyZoomChoropleth.html:115:101: Warning: inserting implicit <span>
    CountyZoomChoropleth.html:118:6: Warning: missing </span> before <p>
    CountyZoomChoropleth.html:118:101: Warning: inserting implicit <span>
    StateChoropleth.html:58:6: Warning: missing </span> before <p>
    StateChoropleth.html:58:94: Warning: inserting implicit <span>
    StateChoropleth.html:61:6: Warning: missing </span> before <p>
    StateChoropleth.html:61:94: Warning: inserting implicit <span>
    StateChoropleth.html:64:6: Warning: missing </span> before <p>
    StateChoropleth.html:64:100: Warning: inserting implicit <span>
    StateChoropleth.html:67:6: Warning: missing </span> before <p>
    StateChoropleth.html:67:103: Warning: inserting implicit <span>
    StateChoropleth.html:70:6: Warning: missing </span> before <p>
    StateChoropleth.html:70:106: Warning: inserting implicit <span>
    StateChoropleth.html:73:6: Warning: missing </span> before <p>
    StateChoropleth.html:73:115: Warning: inserting implicit <span>
    StateChoropleth.html:76:6: Warning: missing </span> before <p>
    StateChoropleth.html:76:101: Warning: inserting implicit <span>
    StateChoropleth.html:79:6: Warning: missing </span> before <p>
    StateChoropleth.html:79:102: Warning: inserting implicit <span>
    StateChoropleth.html:82:6: Warning: missing </span> before <p>
    StateChoropleth.html:82:101: Warning: inserting implicit <span>
    StateChoropleth.html:85:6: Warning: missing </span> before <p>
    StateChoropleth.html:85:102: Warning: inserting implicit <span>
    StateChoropleth.html:88:6: Warning: missing </span> before <p>
    StateChoropleth.html:88:107: Warning: inserting implicit <span>
    StateChoropleth.html:91:6: Warning: missing </span> before <p>
    StateChoropleth.html:91:99: Warning: inserting implicit <span>
    StateChoropleth.html:94:6: Warning: missing </span> before <p>
    StateChoropleth.html:94:101: Warning: inserting implicit <span>
    StateChoropleth.html:97:6: Warning: missing </span> before <p>
    StateChoropleth.html:97:101: Warning: inserting implicit <span>
    StateChoropleth.html:100:6: Warning: missing </span> before <p>
    StateChoropleth.html:100:98: Warning: inserting implicit <span>
    StateChoropleth.html:103:6: Warning: missing </span> before <p>
    StateChoropleth.html:103:101: Warning: inserting implicit <span>
    StateChoropleth.html:106:6: Warning: missing </span> before <p>
    StateChoropleth.html:106:115: Warning: inserting implicit <span>
    StateChoropleth.html:109:6: Warning: missing </span> before <p>
    StateChoropleth.html:109:104: Warning: inserting implicit <span>
    StateChoropleth.html:112:6: Warning: missing </span> before <p>
    StateChoropleth.html:112:101: Warning: inserting implicit <span>
    StateChoropleth.html:115:6: Warning: missing </span> before <p>
    StateChoropleth.html:115:101: Warning: inserting implicit <span>
    StateChoropleth.html:118:6: Warning: missing </span> before <p>
    StateChoropleth.html:118:106: Warning: inserting implicit <span>
    StateChoropleth.html:121:6: Warning: missing </span> before <p>
    StateChoropleth.html:121:113: Warning: inserting implicit <span>
    StateChoropleth.html:124:6: Warning: missing </span> before <p>
    StateChoropleth.html:124:101: Warning: inserting implicit <span>
    TractChoropleth.html:58:6: Warning: missing </span> before <p>
    TractChoropleth.html:58:94: Warning: inserting implicit <span>
    TractChoropleth.html:61:6: Warning: missing </span> before <p>
    TractChoropleth.html:61:94: Warning: inserting implicit <span>
    TractChoropleth.html:64:6: Warning: missing </span> before <p>
    TractChoropleth.html:64:100: Warning: inserting implicit <span>
    TractChoropleth.html:67:6: Warning: missing </span> before <p>
    TractChoropleth.html:67:103: Warning: inserting implicit <span>
    TractChoropleth.html:70:6: Warning: missing </span> before <p>
    TractChoropleth.html:70:106: Warning: inserting implicit <span>
    TractChoropleth.html:73:6: Warning: missing </span> before <p>
    TractChoropleth.html:73:115: Warning: inserting implicit <span>
    TractChoropleth.html:76:6: Warning: missing </span> before <p>
    TractChoropleth.html:76:101: Warning: inserting implicit <span>
    TractChoropleth.html:79:6: Warning: missing </span> before <p>
    TractChoropleth.html:79:102: Warning: inserting implicit <span>
    TractChoropleth.html:82:6: Warning: missing </span> before <p>
    TractChoropleth.html:82:101: Warning: inserting implicit <span>
    TractChoropleth.html:85:6: Warning: missing </span> before <p>
    TractChoropleth.html:85:102: Warning: inserting implicit <span>
    TractChoropleth.html:88:6: Warning: missing </span> before <p>
    TractChoropleth.html:88:107: Warning: inserting implicit <span>
    TractChoropleth.html:91:6: Warning: missing </span> before <p>
    TractChoropleth.html:91:99: Warning: inserting implicit <span>
    TractChoropleth.html:94:6: Warning: missing </span> before <p>
    TractChoropleth.html:94:101: Warning: inserting implicit <span>
    TractChoropleth.html:97:6: Warning: missing </span> before <p>
    TractChoropleth.html:97:101: Warning: inserting implicit <span>
    TractChoropleth.html:100:6: Warning: missing </span> before <p>
    TractChoropleth.html:100:98: Warning: inserting implicit <span>
    TractChoropleth.html:103:6: Warning: missing </span> before <p>
    TractChoropleth.html:103:101: Warning: inserting implicit <span>
    TractChoropleth.html:106:6: Warning: missing </span> before <p>
    TractChoropleth.html:106:96: Warning: inserting implicit <span>
    TractChoropleth.html:109:6: Warning: missing </span> before <p>
    TractChoropleth.html:109:115: Warning: inserting implicit <span>
    TractChoropleth.html:112:6: Warning: missing </span> before <p>
    TractChoropleth.html:112:104: Warning: inserting implicit <span>
    TractChoropleth.html:115:6: Warning: missing </span> before <p>
    TractChoropleth.html:115:98: Warning: inserting implicit <span>
    TractChoropleth.html:118:6: Warning: missing </span> before <p>
    TractChoropleth.html:118:101: Warning: inserting implicit <span>
    TractChoropleth.html:121:6: Warning: missing </span> before <p>
    TractChoropleth.html:121:101: Warning: inserting implicit <span>
    USAChoropleth.html:70:6: Warning: missing </span> before <p>
    USAChoropleth.html:70:94: Warning: inserting implicit <span>
    USAChoropleth.html:73:6: Warning: missing </span> before <p>
    USAChoropleth.html:73:94: Warning: inserting implicit <span>
    USAChoropleth.html:76:6: Warning: missing </span> before <p>
    USAChoropleth.html:76:100: Warning: inserting implicit <span>
    USAChoropleth.html:79:6: Warning: missing </span> before <p>
    USAChoropleth.html:79:103: Warning: inserting implicit <span>
    USAChoropleth.html:82:6: Warning: missing </span> before <p>
    USAChoropleth.html:82:106: Warning: inserting implicit <span>
    USAChoropleth.html:85:6: Warning: missing </span> before <p>
    USAChoropleth.html:85:115: Warning: inserting implicit <span>
    USAChoropleth.html:88:6: Warning: missing </span> before <p>
    USAChoropleth.html:88:101: Warning: inserting implicit <span>
    USAChoropleth.html:91:6: Warning: missing </span> before <p>
    USAChoropleth.html:91:102: Warning: inserting implicit <span>
    USAChoropleth.html:94:6: Warning: missing </span> before <p>
    USAChoropleth.html:94:101: Warning: inserting implicit <span>
    USAChoropleth.html:97:6: Warning: missing </span> before <p>
    USAChoropleth.html:97:102: Warning: inserting implicit <span>
    USAChoropleth.html:100:6: Warning: missing </span> before <p>
    USAChoropleth.html:100:107: Warning: inserting implicit <span>
    USAChoropleth.html:103:6: Warning: missing </span> before <p>
    USAChoropleth.html:103:99: Warning: inserting implicit <span>
    USAChoropleth.html:106:6: Warning: missing </span> before <p>
    USAChoropleth.html:106:101: Warning: inserting implicit <span>
    USAChoropleth.html:109:6: Warning: missing </span> before <p>
    USAChoropleth.html:109:101: Warning: inserting implicit <span>
    USAChoropleth.html:112:6: Warning: missing </span> before <p>
    USAChoropleth.html:112:98: Warning: inserting implicit <span>
    USAChoropleth.html:115:6: Warning: missing </span> before <p>
    USAChoropleth.html:115:101: Warning: inserting implicit <span>
    USAChoropleth.html:118:6: Warning: missing </span> before <p>
    USAChoropleth.html:118:115: Warning: inserting implicit <span>
    USAChoropleth.html:121:6: Warning: missing </span> before <p>
    USAChoropleth.html:121:104: Warning: inserting implicit <span>
    USAChoropleth.html:124:6: Warning: missing </span> before <p>
    USAChoropleth.html:124:101: Warning: inserting implicit <span>
    USAChoropleth.html:127:6: Warning: missing </span> before <p>
    USAChoropleth.html:127:101: Warning: inserting implicit <span>
Flavor: r-devel-linux-x86_64-debian-clang

Version: 3.7.1
Check: data for non-ASCII characters
Result: NOTE
     Note: found 10 marked UTF-8 strings
Flavors: r-devel-linux-x86_64-fedora-clang, r-devel-linux-x86_64-fedora-gcc

Version: 3.7.0
Check: data for non-ASCII characters
Result: NOTE
     Note: found 10 marked UTF-8 strings
Flavors: r-release-macos-arm64, r-release-macos-x86_64, r-oldrel-macos-arm64, r-oldrel-macos-x86_64