CRAN Package Check Results for Package chromseq

Last updated on 2022-01-29 02:49:42 CET.

Flavor Version Tinstall Tcheck Ttotal Status Flags
r-devel-linux-x86_64-debian-clang 0.1.3 2.09 30.52 32.61 OK
r-devel-linux-x86_64-debian-gcc 0.1.3 1.71 24.21 25.92 OK
r-devel-linux-x86_64-fedora-clang 0.1.3 40.65 NOTE
r-devel-linux-x86_64-fedora-gcc 0.1.3 29.62 NOTE
r-devel-windows-x86_64-new-UL 0.1.3 25.00 51.00 76.00 OK
r-devel-windows-x86_64-new-TK 0.1.3 NOTE
r-patched-linux-x86_64 0.1.3 1.93 29.39 31.32 OK
r-release-linux-x86_64 0.1.3 2.03 28.99 31.02 OK
r-release-macos-arm64 0.1.3 NOTE
r-release-macos-x86_64 0.1.3 NOTE
r-release-windows-ix86+x86_64 0.1.3 5.00 30.00 35.00 OK
r-oldrel-macos-x86_64 0.1.3 NOTE
r-oldrel-windows-ix86+x86_64 0.1.3 7.00 27.00 34.00 OK

Check Details

Version: 0.1.3
Check: dependencies in R code
Result: NOTE
    Namespace in Imports field not imported from: ‘base’
     All declared Imports should be used.
Flavors: r-devel-linux-x86_64-fedora-clang, r-devel-linux-x86_64-fedora-gcc, r-devel-windows-x86_64-new-TK, r-release-macos-arm64, r-release-macos-x86_64, r-oldrel-macos-x86_64