Last updated on 2022-07-03 02:50:59 CEST.
Flavor | Version | Tinstall | Tcheck | Ttotal | Status | Flags |
---|---|---|---|---|---|---|
r-devel-linux-x86_64-debian-clang | 0.9.0 | 18.51 | 100.83 | 119.34 | OK | |
r-devel-linux-x86_64-debian-gcc | 0.10.2 | 15.01 | 75.55 | 90.56 | OK | |
r-devel-linux-x86_64-fedora-clang | 0.10.2 | 153.82 | NOTE | |||
r-devel-linux-x86_64-fedora-gcc | 0.10.2 | 155.78 | OK | |||
r-devel-windows-x86_64 | 0.10.2 | 22.00 | 108.00 | 130.00 | NOTE | |
r-patched-linux-x86_64 | 0.10.2 | 18.77 | 98.81 | 117.58 | OK | |
r-release-linux-x86_64 | 0.9.0 | 17.28 | 96.52 | 113.80 | OK | |
r-release-macos-arm64 | 0.10.2 | 46.00 | NOTE | |||
r-release-macos-x86_64 | 0.9.0 | 59.00 | NOTE | |||
r-release-windows-x86_64 | 0.9.0 | 130.00 | 126.00 | 256.00 | NOTE | |
r-oldrel-macos-arm64 | 0.10.2 | 40.00 | NOTE | |||
r-oldrel-macos-x86_64 | 0.9.0 | 58.00 | NOTE | |||
r-oldrel-windows-ix86+x86_64 | 0.9.0 | 36.00 | 113.00 | 149.00 | NOTE |
Version: 0.10.2
Check: installed package size
Result: NOTE
installed size is 6.5Mb
sub-directories of 1Mb or more:
R 1.7Mb
extdata 4.3Mb
Flavors: r-devel-linux-x86_64-fedora-clang, r-devel-windows-x86_64, r-release-macos-arm64, r-oldrel-macos-arm64
Version: 0.9.0
Check: installed package size
Result: NOTE
installed size is 6.5Mb
sub-directories of 1Mb or more:
R 1.7Mb
extdata 4.3Mb
Flavors: r-release-macos-x86_64, r-release-windows-x86_64, r-oldrel-macos-x86_64, r-oldrel-windows-ix86+x86_64