CRAN Package Check Results for Package clean

Last updated on 2022-06-29 02:55:07 CEST.

Flavor Version Tinstall Tcheck Ttotal Status Flags
r-devel-linux-x86_64-debian-clang 2.0.0 3.70 27.07 30.77 NOTE
r-devel-linux-x86_64-debian-gcc 2.0.0 3.15 20.68 23.83 NOTE
r-devel-linux-x86_64-fedora-clang 2.0.0 47.54 NOTE
r-devel-linux-x86_64-fedora-gcc 2.0.0 47.18 NOTE
r-devel-windows-x86_64 2.0.0 8.00 42.00 50.00 NOTE
r-patched-linux-x86_64 2.0.0 2.99 26.28 29.27 NOTE
r-release-linux-x86_64 2.0.0 3.50 25.66 29.16 NOTE
r-release-macos-arm64 2.0.0 16.00 NOTE
r-release-macos-x86_64 2.0.0 23.00 NOTE
r-release-windows-x86_64 2.0.0 7.00 42.00 49.00 NOTE
r-oldrel-macos-arm64 2.0.0 18.00 NOTE
r-oldrel-macos-x86_64 2.0.0 22.00 NOTE
r-oldrel-windows-ix86+x86_64 2.0.0 9.00 41.00 50.00 NOTE

Check Details

Version: 2.0.0
Check: LazyData
Result: NOTE
     'LazyData' is specified without a 'data' directory
Flavors: r-devel-linux-x86_64-debian-clang, r-devel-linux-x86_64-debian-gcc, r-devel-linux-x86_64-fedora-clang, r-devel-linux-x86_64-fedora-gcc, r-devel-windows-x86_64, r-patched-linux-x86_64, r-release-linux-x86_64, r-release-macos-arm64, r-release-macos-x86_64, r-release-windows-x86_64, r-oldrel-macos-arm64, r-oldrel-macos-x86_64, r-oldrel-windows-ix86+x86_64