Last updated on 2022-05-23 02:53:34 CEST.
Flavor | Version | Tinstall | Tcheck | Ttotal | Status | Flags |
---|---|---|---|---|---|---|
r-devel-linux-x86_64-debian-clang | 1.5.3 | 5.46 | 60.82 | 66.28 | OK | |
r-devel-linux-x86_64-debian-gcc | 1.5.3 | 5.26 | 45.19 | 50.45 | OK | |
r-devel-linux-x86_64-fedora-clang | 1.5.3 | 80.54 | OK | |||
r-devel-linux-x86_64-fedora-gcc | 1.5.3 | 76.92 | OK | |||
r-devel-windows-x86_64 | 1.5.3 | 17.00 | 80.00 | 97.00 | WARN | |
r-patched-linux-x86_64 | 1.5.3 | 7.30 | 57.20 | 64.50 | OK | |
r-release-linux-x86_64 | 1.5.3 | 4.57 | 57.35 | 61.92 | OK | |
r-release-macos-arm64 | 1.5.3 | 22.00 | OK | |||
r-release-macos-x86_64 | 1.5.3 | 35.00 | OK | |||
r-release-windows-x86_64 | 1.5.3 | 18.00 | 80.00 | 98.00 | WARN | |
r-oldrel-macos-arm64 | 1.5.3 | 24.00 | OK | |||
r-oldrel-macos-x86_64 | 1.5.3 | 30.00 | OK | |||
r-oldrel-windows-ix86+x86_64 | 1.5.3 | 13.00 | 69.00 | 82.00 | OK |
Version: 1.5.3
Check: R files for syntax errors
Result: WARN
Warnings in file 'R/currency.R':
unable to translate '<U+20AC>' to native encoding
unable to translate '<U+00A5>' to native encoding
unable to translate '<U+00A3>' to native encoding
Flavors: r-devel-windows-x86_64, r-release-windows-x86_64