CRAN Package Check Results for Package clock

Last updated on 2023-03-29 02:55:22 CEST.

Flavor Version Tinstall Tcheck Ttotal Status Flags
r-devel-linux-x86_64-debian-clang 0.6.1 365.06 163.17 528.23 NOTE
r-devel-linux-x86_64-debian-gcc 0.6.1 255.95 130.67 386.62 NOTE
r-devel-linux-x86_64-fedora-clang 0.6.1 661.32 NOTE
r-devel-linux-x86_64-fedora-gcc 0.6.1 685.19 NOTE
r-devel-windows-x86_64 0.6.1 375.00 299.00 674.00 NOTE
r-patched-linux-x86_64 0.6.1 282.09 162.22 444.31 NOTE
r-release-linux-x86_64 0.6.1 260.80 147.47 408.27 OK
r-release-macos-arm64 0.6.1 179.00 NOTE
r-release-macos-x86_64 0.6.1 190.00 NOTE
r-release-windows-x86_64 0.6.1 295.00 267.00 562.00 NOTE
r-oldrel-macos-arm64 0.6.1 174.00 NOTE
r-oldrel-macos-x86_64 0.6.1 185.00 NOTE
r-oldrel-windows-ix86+x86_64 0.6.1 576.00 317.00 893.00 NOTE

Check Details

Version: 0.6.1
Check: C++ specification
Result: NOTE
     Specified C++11: please drop specification unless essential
Flavors: r-devel-linux-x86_64-debian-clang, r-devel-linux-x86_64-debian-gcc, r-devel-linux-x86_64-fedora-clang, r-devel-linux-x86_64-fedora-gcc, r-devel-windows-x86_64, r-patched-linux-x86_64

Version: 0.6.1
Check: installed package size
Result: NOTE
     installed size is 8.0Mb
     sub-directories of 1Mb or more:
     libs 6.3Mb
Flavors: r-devel-linux-x86_64-fedora-clang, r-devel-windows-x86_64, r-release-macos-arm64, r-release-macos-x86_64, r-release-windows-x86_64, r-oldrel-macos-arm64, r-oldrel-macos-x86_64, r-oldrel-windows-ix86+x86_64