CRAN Package Check Results for Package cmstatr

Last updated on 2021-09-23 02:48:56 CEST.

Flavor Version Tinstall Tcheck Ttotal Status Flags
r-devel-linux-x86_64-debian-clang 0.9.0 8.08 219.73 227.81 OK
r-devel-linux-x86_64-debian-gcc 0.9.0 7.04 156.05 163.09 OK
r-devel-linux-x86_64-fedora-clang 0.9.0 279.34 OK
r-devel-linux-x86_64-fedora-gcc 0.9.0 261.44 OK
r-devel-windows-x86_64 0.9.0 9.00 177.00 186.00 OK
r-devel-windows-x86_64-gcc10-UCRT 0.9.0 ERROR
r-patched-linux-x86_64 0.9.0 12.54 211.73 224.27 OK
r-patched-solaris-x86 0.9.0 328.00 OK
r-release-linux-x86_64 0.9.0 7.61 213.99 221.60 OK
r-release-macos-arm64 0.9.0 OK
r-release-macos-x86_64 0.9.0 OK
r-release-windows-ix86+x86_64 0.9.0 17.00 163.00 180.00 OK
r-oldrel-macos-x86_64 0.9.0 OK
r-oldrel-windows-ix86+x86_64 0.9.0 13.00 234.00 247.00 OK

Check Details

Version: 0.9.0
Check: package dependencies
Result: NOTE
    Packages suggested but not available for checking:
     'lintr', 'spelling', 'vdiffr'
Flavor: r-devel-windows-x86_64-gcc10-UCRT

Version: 0.9.0
Check: PDF version of manual
Result: WARN
    LaTeX errors when creating PDF version.
    This typically indicates Rd problems.
Flavor: r-devel-windows-x86_64-gcc10-UCRT

Version: 0.9.0
Check: PDF version of manual without hyperrefs or index
Result: ERROR
    Re-running with no redirection of stdout/stderr.
Flavor: r-devel-windows-x86_64-gcc10-UCRT