CRAN Package Check Results for Package coalescentMCMC

Last updated on 2022-01-28 02:50:54 CET.

Flavor Version Tinstall Tcheck Ttotal Status Flags
r-devel-linux-x86_64-debian-clang 0.4-1 8.67 110.91 119.58 NOTE
r-devel-linux-x86_64-debian-gcc 0.4-1 8.03 85.64 93.67 NOTE
r-devel-linux-x86_64-fedora-clang 0.4-1 145.22 NOTE
r-devel-linux-x86_64-fedora-gcc 0.4-1 139.19 NOTE
r-devel-windows-x86_64-new-UL 0.4-1 62.00 162.00 224.00 NOTE
r-devel-windows-x86_64-new-TK 0.4-1 NOTE
r-patched-linux-x86_64 0.4-1 9.37 103.25 112.62 NOTE
r-release-linux-x86_64 0.4-1 8.64 101.12 109.76 NOTE
r-release-macos-arm64 0.4-1 NOTE
r-release-macos-x86_64 0.4-1 NOTE
r-release-windows-ix86+x86_64 0.4-1 23.00 156.00 179.00 NOTE
r-oldrel-macos-x86_64 0.4-1 NOTE
r-oldrel-windows-ix86+x86_64 0.4-1 23.00 159.00 182.00 NOTE

Check Details

Version: 0.4-1
Check: R code for possible problems
Result: NOTE
    coalescentMCMC: no visible global function definition for
     'packageVersion'
    coalescentMCMC : getparams: no visible global function definition for
     'nlminb'
    sim.coalescent: no visible global function definition for 'segments'
    sim.coalescent: no visible global function definition for 'points'
    Undefined global functions or variables:
     nlminb packageVersion points segments
    Consider adding
     importFrom("graphics", "points", "segments")
     importFrom("stats", "nlminb")
     importFrom("utils", "packageVersion")
    to your NAMESPACE file.
Flavors: r-devel-linux-x86_64-debian-clang, r-devel-linux-x86_64-debian-gcc, r-devel-linux-x86_64-fedora-clang, r-devel-linux-x86_64-fedora-gcc, r-devel-windows-x86_64-new-UL, r-devel-windows-x86_64-new-TK, r-patched-linux-x86_64, r-release-linux-x86_64, r-release-macos-arm64, r-release-macos-x86_64, r-release-windows-ix86+x86_64, r-oldrel-macos-x86_64, r-oldrel-windows-ix86+x86_64