Last updated on 2023-01-28 02:57:14 CET.
Flavor | Version | Tinstall | Tcheck | Ttotal | Status | Flags |
---|---|---|---|---|---|---|
r-devel-linux-x86_64-debian-clang | 1.1.0 | 3.18 | 114.55 | 117.73 | NOTE | |
r-devel-linux-x86_64-debian-gcc | 1.1.0 | 1.77 | 84.07 | 85.84 | NOTE | |
r-devel-linux-x86_64-fedora-clang | 1.1.0 | 143.43 | NOTE | |||
r-devel-linux-x86_64-fedora-gcc | 1.1.0 | 153.87 | NOTE | |||
r-devel-windows-x86_64 | 1.1.0 | 28.00 | 145.00 | 173.00 | NOTE | |
r-patched-linux-x86_64 | 1.1.0 | 2.95 | 106.55 | 109.50 | NOTE | |
r-release-linux-x86_64 | 1.1.0 | 2.14 | 106.29 | 108.43 | NOTE | |
r-release-macos-arm64 | 1.1.0 | 60.00 | NOTE | |||
r-release-macos-x86_64 | 1.1.0 | 83.00 | NOTE | |||
r-release-windows-x86_64 | 1.1.0 | 21.00 | 139.00 | 160.00 | NOTE | |
r-oldrel-macos-arm64 | 1.1.0 | 61.00 | NOTE | |||
r-oldrel-macos-x86_64 | 1.1.0 | 69.00 | NOTE | |||
r-oldrel-windows-ix86+x86_64 | 1.1.0 | 10.00 | 137.00 | 147.00 | NOTE |
Version: 1.1.0
Check: LazyData
Result: NOTE
'LazyData' is specified without a 'data' directory
Flavors: r-devel-linux-x86_64-debian-clang, r-devel-linux-x86_64-debian-gcc, r-devel-linux-x86_64-fedora-clang, r-devel-linux-x86_64-fedora-gcc, r-devel-windows-x86_64, r-patched-linux-x86_64, r-release-linux-x86_64, r-release-macos-arm64, r-release-macos-x86_64, r-release-windows-x86_64, r-oldrel-macos-arm64, r-oldrel-macos-x86_64, r-oldrel-windows-ix86+x86_64
Version: 1.1.0
Check: dependencies in R code
Result: NOTE
Namespaces in Imports field not imported from:
‘Matrix’ ‘nnet’
All declared Imports should be used.
Flavors: r-devel-linux-x86_64-fedora-clang, r-devel-linux-x86_64-fedora-gcc, r-release-macos-arm64, r-release-macos-x86_64, r-oldrel-macos-arm64, r-oldrel-macos-x86_64