CRAN Package Check Results for Package cocktailApp

Last updated on 2022-01-27 02:51:22 CET.

Flavor Version Tinstall Tcheck Ttotal Status Flags
r-devel-linux-x86_64-debian-clang 0.2.2 7.73 117.51 125.24 OK
r-devel-linux-x86_64-debian-gcc 0.2.2 6.13 87.92 94.05 OK
r-devel-linux-x86_64-fedora-clang 0.2.2 155.26 NOTE
r-devel-linux-x86_64-fedora-gcc 0.2.2 138.92 NOTE
r-devel-windows-x86_64-new-UL 0.2.2 39.00 136.00 175.00 OK
r-devel-windows-x86_64-new-TK 0.2.2 NOTE
r-patched-linux-x86_64 0.2.2 7.29 108.40 115.69 OK
r-release-linux-x86_64 0.2.2 5.56 107.61 113.17 OK
r-release-macos-arm64 0.2.2 NOTE
r-release-macos-x86_64 0.2.2 NOTE
r-release-windows-ix86+x86_64 0.2.2 19.00 130.00 149.00 OK
r-oldrel-macos-x86_64 0.2.2 NOTE
r-oldrel-windows-ix86+x86_64 0.2.2 21.00 145.00 166.00 OK

Check Details

Version: 0.2.2
Check: data for non-ASCII characters
Result: NOTE
     Note: found 14729 marked UTF-8 strings
Flavors: r-devel-linux-x86_64-fedora-clang, r-devel-linux-x86_64-fedora-gcc, r-devel-windows-x86_64-new-TK, r-release-macos-arm64, r-release-macos-x86_64, r-oldrel-macos-x86_64