CRAN Package Check Results for Package coder

Last updated on 2021-09-22 02:49:08 CEST.

Flavor Version Tinstall Tcheck Ttotal Status Flags
r-devel-linux-x86_64-debian-clang 0.13.5 5.00 91.52 96.52 OK
r-devel-linux-x86_64-debian-gcc 0.13.5 3.91 65.15 69.06 OK
r-devel-linux-x86_64-fedora-clang 0.13.5 119.83 OK
r-devel-linux-x86_64-fedora-gcc 0.13.5 102.07 OK
r-devel-windows-x86_64 0.13.5 6.00 84.00 90.00 OK
r-devel-windows-x86_64-gcc10-UCRT 0.13.5 ERROR
r-patched-linux-x86_64 0.13.5 5.41 83.76 89.17 OK
r-patched-solaris-x86 0.13.5 151.30 OK
r-release-linux-x86_64 0.13.5 5.00 83.65 88.65 OK
r-release-macos-arm64 0.13.5 OK
r-release-macos-x86_64 0.13.5 OK
r-release-windows-ix86+x86_64 0.13.5 11.00 85.00 96.00 OK
r-oldrel-macos-x86_64 0.13.5 OK
r-oldrel-windows-ix86+x86_64 0.13.5 10.00 113.00 123.00 OK

Check Details

Version: 0.13.5
Check: whether package can be installed
Result: WARN
    Found the following significant warnings:
     WARNING: installation-time patches will not be applied, could not get the patches index
Flavor: r-devel-windows-x86_64-gcc10-UCRT

Version: 0.13.5
Check: PDF version of manual
Result: WARN
    LaTeX errors when creating PDF version.
    This typically indicates Rd problems.
Flavor: r-devel-windows-x86_64-gcc10-UCRT

Version: 0.13.5
Check: PDF version of manual without hyperrefs or index
Result: ERROR
    Re-running with no redirection of stdout/stderr.
Flavor: r-devel-windows-x86_64-gcc10-UCRT