Last updated on 2023-05-27 02:49:35 CEST.
Flavor | Version | Tinstall | Tcheck | Ttotal | Status | Flags |
---|---|---|---|---|---|---|
r-devel-linux-x86_64-debian-clang | 0.1.4 | 8.93 | 76.65 | 85.58 | NOTE | |
r-devel-linux-x86_64-debian-gcc | 0.1.4 | 7.23 | 57.02 | 64.25 | NOTE | |
r-devel-linux-x86_64-fedora-clang | 0.1.4 | 111.54 | NOTE | |||
r-devel-linux-x86_64-fedora-gcc | 0.1.4 | 106.84 | NOTE | |||
r-devel-windows-x86_64 | 0.1.4 | 8.00 | 75.00 | 83.00 | NOTE | |
r-patched-linux-x86_64 | 0.1.4 | 14.01 | 70.07 | 84.08 | NOTE | |
r-release-linux-x86_64 | 0.1.4 | 8.42 | 70.99 | 79.41 | NOTE | |
r-release-macos-arm64 | 0.1.4 | 32.00 | NOTE | |||
r-release-macos-x86_64 | 0.1.4 | 51.00 | NOTE | |||
r-release-windows-x86_64 | 0.1.4 | 11.00 | 86.00 | 97.00 | NOTE | |
r-oldrel-macos-arm64 | 0.1.4 | 33.00 | NOTE | |||
r-oldrel-macos-x86_64 | 0.1.4 | 55.00 | NOTE | |||
r-oldrel-windows-x86_64 | 0.1.4 | 12.00 | 91.00 | 103.00 | NOTE |
Version: 0.1.4
Check: LazyData
Result: NOTE
'LazyData' is specified without a 'data' directory
Flavors: r-devel-linux-x86_64-debian-clang, r-devel-linux-x86_64-debian-gcc, r-devel-linux-x86_64-fedora-clang, r-devel-linux-x86_64-fedora-gcc, r-devel-windows-x86_64, r-patched-linux-x86_64, r-release-linux-x86_64, r-release-macos-arm64, r-release-macos-x86_64, r-release-windows-x86_64, r-oldrel-macos-arm64, r-oldrel-macos-x86_64, r-oldrel-windows-x86_64