CRAN Package Check Results for Package compareDF

Last updated on 2021-07-24 02:48:28 CEST.

Flavor Version Tinstall Tcheck Ttotal Status Flags
r-devel-linux-x86_64-debian-clang 2.3.1 5.05 68.24 73.29 OK
r-devel-linux-x86_64-debian-gcc 2.3.1 4.17 50.33 54.50 OK
r-devel-linux-x86_64-fedora-clang 2.3.1 91.90 NOTE
r-devel-linux-x86_64-fedora-gcc 2.3.1 115.26 NOTE
r-devel-windows-x86_64 2.3.1 7.00 63.00 70.00 OK
r-devel-windows-x86_64-gcc10-UCRT 2.3.1 NOTE
r-patched-linux-x86_64 2.3.1 3.01 63.08 66.09 OK
r-patched-solaris-x86 2.3.1 112.00 NOTE
r-release-linux-x86_64 2.3.1 4.83 62.72 67.55 OK
r-release-macos-arm64 2.3.1 NOTE
r-release-macos-x86_64 2.3.1 NOTE
r-release-windows-ix86+x86_64 2.3.1 13.00 71.00 84.00 OK
r-oldrel-macos-x86_64 2.3.1 NOTE
r-oldrel-windows-ix86+x86_64 2.3.1 13.00 91.00 104.00 OK

Check Details

Version: 2.3.1
Check: dependencies in R code
Result: NOTE
    Namespace in Imports field not imported from: ‘magrittr’
     All declared Imports should be used.
Flavors: r-devel-linux-x86_64-fedora-clang, r-devel-linux-x86_64-fedora-gcc, r-devel-windows-x86_64-gcc10-UCRT, r-patched-solaris-x86, r-release-macos-arm64, r-release-macos-x86_64, r-oldrel-macos-x86_64