Last updated on 2022-07-01 02:54:14 CEST.
Flavor | Version | Tinstall | Tcheck | Ttotal | Status | Flags |
---|---|---|---|---|---|---|
r-devel-linux-x86_64-debian-clang | 1.1.0 | 11.91 | 61.81 | 73.72 | OK | |
r-devel-linux-x86_64-debian-gcc | 1.1.0 | 10.73 | 47.35 | 58.08 | OK | |
r-devel-linux-x86_64-fedora-clang | 1.1.0 | 99.55 | OK | |||
r-devel-linux-x86_64-fedora-gcc | 1.1.0 | 96.89 | OK | |||
r-devel-windows-x86_64 | 1.1.0 | 44.00 | 94.00 | 138.00 | OK | |
r-patched-linux-x86_64 | 1.1.0 | 10.78 | 58.52 | 69.30 | OK | |
r-release-linux-x86_64 | 1.1.0 | 11.70 | 58.29 | 69.99 | OK | |
r-release-macos-arm64 | 1.1.0 | 35.00 | NOTE | |||
r-release-macos-x86_64 | 1.1.0 | 62.00 | OK | |||
r-release-windows-x86_64 | 1.1.0 | 40.00 | 99.00 | 139.00 | OK | |
r-oldrel-macos-arm64 | 1.1.0 | 41.00 | NOTE | |||
r-oldrel-macos-x86_64 | 1.1.0 | 64.00 | OK | |||
r-oldrel-windows-ix86+x86_64 | 1.1.0 | 26.00 | 83.00 | 109.00 | OK |
Version: 1.1.0
Check: installed package size
Result: NOTE
installed size is 5.2Mb
sub-directories of 1Mb or more:
data 4.9Mb
Flavors: r-release-macos-arm64, r-oldrel-macos-arm64