CRAN Package Check Results for Package compositions

Last updated on 2021-09-21 02:48:48 CEST.

Flavor Version Tinstall Tcheck Ttotal Status Flags
r-devel-linux-x86_64-debian-clang 2.0-2 27.05 219.73 246.78 OK
r-devel-linux-x86_64-debian-gcc 2.0-2 20.56 164.82 185.38 OK
r-devel-linux-x86_64-fedora-clang 2.0-2 302.70 OK
r-devel-linux-x86_64-fedora-gcc 2.0-2 293.08 OK
r-devel-windows-x86_64 2.0-2 30.00 232.00 262.00 OK
r-devel-windows-x86_64-gcc10-UCRT 2.0-2 ERROR
r-patched-linux-x86_64 2.0-2 34.19 213.37 247.56 OK
r-patched-solaris-x86 2.0-2 361.50 OK
r-release-linux-x86_64 2.0-2 21.93 213.55 235.48 OK
r-release-macos-arm64 2.0-2 OK
r-release-macos-x86_64 2.0-2 OK
r-release-windows-ix86+x86_64 2.0-2 49.00 303.00 352.00 OK
r-oldrel-macos-x86_64 2.0-2 OK
r-oldrel-windows-ix86+x86_64 2.0-2 46.00 398.00 444.00 OK

Check Details

Version: 2.0-2
Check: whether package can be installed
Result: ERROR
    Installation failed.
Flavor: r-devel-windows-x86_64-gcc10-UCRT