CRAN Package Check Results for Package composits

Last updated on 2021-08-04 02:49:50 CEST.

Flavor Version Tinstall Tcheck Ttotal Status Flags
r-devel-linux-x86_64-debian-clang 0.1.0 6.38 219.41 225.79 OK
r-devel-linux-x86_64-debian-gcc 0.1.0 4.72 154.68 159.40 OK
r-devel-linux-x86_64-fedora-clang 0.1.0 270.72 OK
r-devel-linux-x86_64-fedora-gcc 0.1.0 259.89 OK
r-devel-windows-x86_64 0.1.0 31.00 278.00 309.00 OK
r-devel-windows-x86_64-gcc10-UCRT 0.1.0 OK
r-patched-linux-x86_64 0.1.0 5.28 204.37 209.65 OK
r-patched-solaris-x86 0.1.0 422.10 OK
r-release-linux-x86_64 0.1.0 5.72 206.28 212.00 OK
r-release-macos-arm64 0.1.0 WARN
r-release-macos-x86_64 0.1.0 OK
r-release-windows-ix86+x86_64 0.1.0 16.00 270.00 286.00 OK
r-oldrel-macos-x86_64 0.1.0 OK
r-oldrel-windows-ix86+x86_64 0.1.0 22.00 247.00 269.00 OK

Check Details

Version: 0.1.0
Check: re-building of vignette outputs
Result: WARN
    Error(s) in re-building vignettes:
     ...
    --- re-building ‘composits.Rmd’ using rmarkdown
    Warning in engine$weave(file, quiet = quiet, encoding = enc) :
     Pandoc (>= 1.12.3) not available. Falling back to R Markdown v1.
    Quitting from lines 75-84 (composits.Rmd)
    Error: processing vignette 'composits.Rmd' failed with diagnostics:
    polygon edge not found
    --- failed re-building ‘composits.Rmd’
    
    SUMMARY: processing the following file failed:
     ‘composits.Rmd’
    
    Error: Vignette re-building failed.
    Execution halted
Flavor: r-release-macos-arm64