CRAN Package Check Results for Package coneproj

Last updated on 2022-10-07 03:55:50 CEST.

Flavor Version Tinstall Tcheck Ttotal Status Flags
r-devel-linux-x86_64-debian-clang 1.16 28.67 40.66 69.33 OK
r-devel-linux-x86_64-debian-gcc 1.16 24.03 30.72 54.75 NOTE
r-devel-linux-x86_64-fedora-clang 1.16 108.45 OK
r-devel-linux-x86_64-fedora-gcc 1.16 96.65 OK
r-devel-windows-x86_64 1.16 40.00 86.00 126.00 OK
r-patched-linux-x86_64 1.16 27.31 36.96 64.27 OK
r-release-linux-x86_64 1.16 24.46 37.55 62.01 OK
r-release-macos-arm64 1.16 29.00 OK
r-release-macos-x86_64 1.16 41.00 OK
r-release-windows-x86_64 1.16 45.00 88.00 133.00 OK
r-oldrel-macos-arm64 1.16 34.00 OK
r-oldrel-macos-x86_64 1.16 40.00 OK
r-oldrel-windows-ix86+x86_64 1.16 72.00 88.00 160.00 OK

Check Details

Version: 1.16
Check: compilation flags used
Result: NOTE
    Compilation used the following non-portable flag(s):
     ‘-Wstrict-prototypes’
Flavor: r-devel-linux-x86_64-debian-gcc