CRAN Package Check Results for Package contribution

Last updated on 2022-10-04 02:54:37 CEST.

Flavor Version Tinstall Tcheck Ttotal Status Flags
r-devel-linux-x86_64-debian-clang 0.2.2 6.28 56.87 63.15 OK
r-devel-linux-x86_64-debian-gcc 0.2.2 4.29 42.79 47.08 OK
r-devel-linux-x86_64-fedora-clang 0.2.2 95.02 NOTE
r-devel-linux-x86_64-fedora-gcc 0.2.2 87.33 NOTE
r-devel-windows-x86_64 0.2.2 18.00 148.00 166.00 OK
r-patched-linux-x86_64 0.2.2 6.44 54.36 60.80 OK
r-release-linux-x86_64 0.2.2 5.14 54.06 59.20 OK
r-release-macos-arm64 0.2.2 30.00 NOTE
r-release-macos-x86_64 0.2.2 55.00 NOTE
r-release-windows-x86_64 0.2.2 21.00 148.00 169.00 OK
r-oldrel-macos-arm64 0.2.2 28.00 NOTE
r-oldrel-macos-x86_64 0.2.2 37.00 NOTE
r-oldrel-windows-ix86+x86_64 0.2.2 16.00 92.00 108.00 OK

Check Details

Version: 0.2.2
Check: data for non-ASCII characters
Result: NOTE
     Note: found 3 marked UTF-8 strings
Flavors: r-devel-linux-x86_64-fedora-clang, r-devel-linux-x86_64-fedora-gcc, r-release-macos-arm64, r-release-macos-x86_64, r-oldrel-macos-arm64, r-oldrel-macos-x86_64