CRAN Package Check Results for Package convey

Last updated on 2022-01-29 02:49:43 CET.

Flavor Version Tinstall Tcheck Ttotal Status Flags
r-devel-linux-x86_64-debian-clang 0.2.4 13.03 207.78 220.81 OK
r-devel-linux-x86_64-debian-gcc 0.2.4 12.82 156.36 169.18 OK
r-devel-linux-x86_64-fedora-clang 0.2.4 257.52 OK
r-devel-linux-x86_64-fedora-gcc 0.2.4 250.20 OK
r-devel-windows-x86_64-new-UL 0.2.4 62.00 240.00 302.00 OK
r-devel-windows-x86_64-new-TK 0.2.4 OK
r-patched-linux-x86_64 0.2.4 14.93 195.03 209.96 OK
r-release-linux-x86_64 0.2.4 13.71 192.65 206.36 OK
r-release-macos-arm64 0.2.4 NOTE
r-release-macos-x86_64 0.2.4 OK
r-release-windows-ix86+x86_64 0.2.4 30.00 237.00 267.00 OK
r-oldrel-macos-x86_64 0.2.4 OK
r-oldrel-windows-ix86+x86_64 0.2.4 28.00 234.00 262.00 OK

Check Details

Version: 0.2.4
Check: package dependencies
Result: NOTE
    Package suggested but not available for checking: ‘RODBC’
Flavor: r-release-macos-arm64