CRAN Package Check Results for Package corr2D

Last updated on 2022-07-01 02:54:14 CEST.

Flavor Version Tinstall Tcheck Ttotal Status Flags
r-devel-linux-x86_64-debian-clang 1.0.2 3.95 44.91 48.86 OK
r-devel-linux-x86_64-debian-gcc 1.0.2 2.62 35.08 37.70 OK
r-devel-linux-x86_64-fedora-clang 1.0.2 70.82 NOTE
r-devel-linux-x86_64-fedora-gcc 1.0.2 69.66 NOTE
r-devel-windows-x86_64 1.0.2 15.00 82.00 97.00 OK
r-patched-linux-x86_64 1.0.2 2.67 44.48 47.15 OK
r-release-linux-x86_64 1.0.2 3.65 43.60 47.25 OK
r-release-macos-arm64 1.0.2 26.00 NOTE
r-release-macos-x86_64 1.0.2 52.00 NOTE
r-release-windows-x86_64 1.0.2 11.00 77.00 88.00 OK
r-oldrel-macos-arm64 1.0.2 32.00 NOTE
r-oldrel-macos-x86_64 1.0.2 40.00 NOTE
r-oldrel-windows-ix86+x86_64 1.0.2 9.00 76.00 85.00 OK

Check Details

Version: 1.0.2
Check: dependencies in R code
Result: NOTE
    Namespaces in Imports field not imported from:
     ‘profr’ ‘xtable’
     All declared Imports should be used.
Flavors: r-devel-linux-x86_64-fedora-clang, r-devel-linux-x86_64-fedora-gcc, r-release-macos-arm64, r-release-macos-x86_64, r-oldrel-macos-arm64, r-oldrel-macos-x86_64