CRAN Package Check Results for Package corrr

Last updated on 2021-09-21 02:48:49 CEST.

Flavor Version Tinstall Tcheck Ttotal Status Flags
r-devel-linux-x86_64-debian-clang 0.4.3 5.65 68.64 74.29 NOTE
r-devel-linux-x86_64-debian-gcc 0.4.3 4.24 51.14 55.38 NOTE
r-devel-linux-x86_64-fedora-clang 0.4.3 96.64 NOTE
r-devel-linux-x86_64-fedora-gcc 0.4.3 85.10 NOTE
r-devel-windows-x86_64 0.4.3 9.00 80.00 89.00 NOTE
r-devel-windows-x86_64-gcc10-UCRT 0.4.3 ERROR
r-patched-linux-x86_64 0.4.3 9.99 65.96 75.95 NOTE
r-patched-solaris-x86 0.4.3 109.60 NOTE
r-release-linux-x86_64 0.4.3 4.47 65.40 69.87 NOTE
r-release-macos-arm64 0.4.3 NOTE
r-release-macos-x86_64 0.4.3 NOTE
r-release-windows-ix86+x86_64 0.4.3 14.00 75.00 89.00 NOTE
r-oldrel-macos-x86_64 0.4.3 OK
r-oldrel-windows-ix86+x86_64 0.4.3 14.00 96.00 110.00 OK

Check Details

Version: 0.4.3
Check: LazyData
Result: NOTE
     'LazyData' is specified without a 'data' directory
Flavors: r-devel-linux-x86_64-debian-clang, r-devel-linux-x86_64-debian-gcc, r-devel-linux-x86_64-fedora-clang, r-devel-linux-x86_64-fedora-gcc, r-devel-windows-x86_64, r-devel-windows-x86_64-gcc10-UCRT, r-patched-linux-x86_64, r-patched-solaris-x86, r-release-linux-x86_64, r-release-macos-arm64, r-release-macos-x86_64, r-release-windows-ix86+x86_64

Version: 0.4.3
Check: whether package can be installed
Result: WARN
    Found the following significant warnings:
     WARNING: installation-time patches will not be applied, could not get the patches index
Flavor: r-devel-windows-x86_64-gcc10-UCRT

Version: 0.4.3
Check: PDF version of manual
Result: WARN
    LaTeX errors when creating PDF version.
    This typically indicates Rd problems.
Flavor: r-devel-windows-x86_64-gcc10-UCRT

Version: 0.4.3
Check: PDF version of manual without hyperrefs or index
Result: ERROR
    Re-running with no redirection of stdout/stderr.
Flavor: r-devel-windows-x86_64-gcc10-UCRT