CRAN Package Check Results for Package corto

Last updated on 2022-01-28 02:50:54 CET.

Flavor Version Tinstall Tcheck Ttotal Status Flags
r-devel-linux-x86_64-debian-clang 1.1.10 6.04 69.01 75.05 OK
r-devel-linux-x86_64-debian-gcc 1.1.10 4.93 51.63 56.56 OK
r-devel-linux-x86_64-fedora-clang 1.1.10 87.65 NOTE
r-devel-linux-x86_64-fedora-gcc 1.1.10 77.42 NOTE
r-devel-windows-x86_64-new-UL 1.1.10 31.00 104.00 135.00 OK
r-devel-windows-x86_64-new-TK 1.1.10 NOTE
r-patched-linux-x86_64 1.1.10 5.54 62.10 67.64 OK
r-release-linux-x86_64 1.1.10 4.69 62.23 66.92 OK
r-release-macos-arm64 1.1.10 NOTE
r-release-macos-x86_64 1.1.10 NOTE
r-release-windows-ix86+x86_64 1.1.10 15.00 85.00 100.00 OK
r-oldrel-macos-x86_64 1.1.10 NOTE
r-oldrel-windows-ix86+x86_64 1.1.10 15.00 83.00 98.00 OK

Check Details

Version: 1.1.10
Check: dependencies in R code
Result: NOTE
    Namespaces in Imports field not imported from:
     ‘knitr’ ‘rmarkdown’
     All declared Imports should be used.
Flavors: r-devel-linux-x86_64-fedora-clang, r-devel-linux-x86_64-fedora-gcc, r-devel-windows-x86_64-new-TK, r-release-macos-arm64, r-release-macos-x86_64, r-oldrel-macos-x86_64