CRAN Package Check Results for Package countrycode

Last updated on 2022-08-13 05:53:59 CEST.

Flavor Version Tinstall Tcheck Ttotal Status Flags
r-devel-linux-x86_64-debian-clang 1.4.0 3.60 92.21 95.81 OK
r-devel-linux-x86_64-debian-gcc 1.4.0 3.73 66.64 70.37 OK
r-devel-linux-x86_64-fedora-clang 1.4.0 122.69 NOTE
r-devel-linux-x86_64-fedora-gcc 1.4.0 122.30 NOTE
r-devel-windows-x86_64 1.4.0 20.00 254.00 274.00 OK
r-patched-linux-x86_64 1.4.0 4.32 87.48 91.80 OK
r-release-linux-x86_64 1.4.0 4.67 88.48 93.15 OK
r-release-macos-arm64 1.4.0 46.00 NOTE
r-release-macos-x86_64 1.4.0 74.00 NOTE
r-release-windows-x86_64 1.4.0 17.00 267.00 284.00 OK
r-oldrel-macos-arm64 1.4.0 51.00 NOTE
r-oldrel-macos-x86_64 1.4.0 64.00 NOTE
r-oldrel-windows-ix86+x86_64 1.4.0 9.00 203.00 212.00 OK

Check Details

Version: 1.4.0
Check: data for non-ASCII characters
Result: NOTE
     Note: found 139613 marked UTF-8 strings
Flavors: r-devel-linux-x86_64-fedora-clang, r-devel-linux-x86_64-fedora-gcc, r-release-macos-arm64, r-release-macos-x86_64, r-oldrel-macos-arm64, r-oldrel-macos-x86_64