Last updated on 2022-07-04 02:53:28 CEST.
Flavor | Version | Tinstall | Tcheck | Ttotal | Status | Flags |
---|---|---|---|---|---|---|
r-devel-linux-x86_64-debian-clang | 0.1.4 | 17.15 | 125.72 | 142.87 | OK | |
r-devel-linux-x86_64-debian-gcc | 0.1.4 | 9.46 | 93.19 | 102.65 | OK | |
r-devel-linux-x86_64-fedora-clang | 0.1.4 | 176.98 | NOTE | |||
r-devel-linux-x86_64-fedora-gcc | 0.1.4 | 172.85 | NOTE | |||
r-devel-windows-x86_64 | 0.1.4 | 47.00 | 142.00 | 189.00 | OK | |
r-patched-linux-x86_64 | 0.1.4 | 13.91 | 120.37 | 134.28 | OK | |
r-release-linux-x86_64 | 0.1.4 | 10.13 | 118.93 | 129.06 | OK | |
r-release-macos-arm64 | 0.1.4 | 49.00 | NOTE | |||
r-release-macos-x86_64 | 0.1.4 | 88.00 | NOTE | |||
r-release-windows-x86_64 | 0.1.4 | 65.00 | 146.00 | 211.00 | OK | |
r-oldrel-macos-arm64 | 0.1.4 | 50.00 | NOTE | |||
r-oldrel-macos-x86_64 | 0.1.4 | 63.00 | NOTE | |||
r-oldrel-windows-ix86+x86_64 | 0.1.4 | 35.00 | 140.00 | 175.00 | OK |
Version: 0.1.4
Check: dependencies in R code
Result: NOTE
Namespaces in Imports field not imported from:
‘httr’ ‘stringr’
All declared Imports should be used.
Flavors: r-devel-linux-x86_64-fedora-clang, r-devel-linux-x86_64-fedora-gcc, r-release-macos-arm64, r-release-macos-x86_64, r-oldrel-macos-arm64, r-oldrel-macos-x86_64