Last updated on 2023-03-31 03:52:25 CEST.
Flavor | Version | Tinstall | Tcheck | Ttotal | Status | Flags |
---|---|---|---|---|---|---|
r-devel-linux-x86_64-debian-clang | 0.7-10 | 25.68 | 152.59 | 178.27 | WARN | |
r-devel-linux-x86_64-debian-gcc | 0.7-10 | 21.02 | 115.11 | 136.13 | WARN | |
r-devel-linux-x86_64-fedora-clang | 0.7-10 | 224.58 | WARN | |||
r-devel-linux-x86_64-fedora-gcc | 0.7-10 | 226.18 | WARN | |||
r-devel-windows-x86_64 | 0.7-10 | 74.00 | 0.00 | 74.00 | OK | |
r-patched-linux-x86_64 | 0.7-10 | 22.15 | 144.00 | 166.15 | WARN | |
r-release-linux-x86_64 | 0.7-10 | 21.63 | 144.67 | 166.30 | OK | |
r-release-macos-arm64 | 0.7-10 | 72.00 | OK | |||
r-release-macos-x86_64 | 0.7-10 | 85.00 | OK | |||
r-release-windows-x86_64 | 0.7-10 | 70.00 | 204.00 | 274.00 | OK | |
r-oldrel-macos-arm64 | 0.7-10 | 64.00 | OK | |||
r-oldrel-macos-x86_64 | 0.7-10 | 88.00 | OK | |||
r-oldrel-windows-ix86+x86_64 | 0.7-10 | 59.00 | 220.00 | 279.00 | OK |
Version: 0.7-10
Check: whether package can be installed
Result: WARN
Found the following significant warnings:
bcplm.c:84:32: warning: a function declaration without a prototype is deprecated in all versions of C [-Wstrict-prototypes]
See ‘/home/hornik/tmp/R.check/r-devel-clang/Work/PKGS/cplm.Rcheck/00install.out’ for details.
* used C compiler: ‘Debian clang version 15.0.6’
Flavor: r-devel-linux-x86_64-debian-clang
Version: 0.7-10
Check: whether package can be installed
Result: WARN
Found the following significant warnings:
bcplm.c:84:22: warning: function declaration isn’t a prototype [-Wstrict-prototypes]
See ‘/home/hornik/tmp/R.check/r-devel-gcc/Work/PKGS/cplm.Rcheck/00install.out’ for details.
* used C compiler: ‘gcc-12 (Debian 12.2.0-14) 12.2.0’
Flavor: r-devel-linux-x86_64-debian-gcc
Version: 0.7-10
Check: whether package can be installed
Result: WARN
Found the following significant warnings:
bcplm.c:84:32: warning: a function declaration without a prototype is deprecated in all versions of C [-Wstrict-prototypes]
See ‘/data/gannet/ripley/R/packages/tests-clang/cplm.Rcheck/00install.out’ for details.
* used C compiler: ‘clang version 16.0.0’
Flavor: r-devel-linux-x86_64-fedora-clang
Version: 0.7-10
Check: whether package can be installed
Result: WARN
Found the following significant warnings:
bcplm.c:84:22: warning: function declaration isn’t a prototype [-Wstrict-prototypes]
See ‘/data/gannet/ripley/R/packages/tests-devel/cplm.Rcheck/00install.out’ for details.
* used C compiler: ‘gcc (GCC) 12.2.1 20221121 (Red Hat 12.2.1-4)’
Flavor: r-devel-linux-x86_64-fedora-gcc
Version: 0.7-10
Check: whether package can be installed
Result: WARN
Found the following significant warnings:
bcplm.c:84:22: warning: function declaration isn’t a prototype [-Wstrict-prototypes]
See ‘/home/hornik/tmp/R.check/r-patched-gcc/Work/PKGS/cplm.Rcheck/00install.out’ for details.
* used C compiler: ‘gcc-11 (Debian 11.3.0-12) 11.3.0’
Flavor: r-patched-linux-x86_64