Last updated on 2023-03-30 02:50:38 CEST.
Flavor | Version | Tinstall | Tcheck | Ttotal | Status | Flags |
---|---|---|---|---|---|---|
r-devel-linux-x86_64-debian-clang | 1.0.0 | 3.51 | 42.46 | 45.97 | OK | |
r-devel-linux-x86_64-debian-gcc | 1.0.0 | 4.19 | 33.33 | 37.52 | OK | |
r-devel-linux-x86_64-fedora-clang | 1.0.0 | 60.32 | OK | |||
r-devel-linux-x86_64-fedora-gcc | 1.0.0 | 56.60 | OK | |||
r-devel-windows-x86_64 | 1.0.0 | 27.00 | 78.00 | 105.00 | OK | |
r-patched-linux-x86_64 | 1.0.0 | 3.88 | 41.43 | 45.31 | OK | |
r-release-linux-x86_64 | 1.0.0 | 4.99 | 43.28 | 48.27 | OK | |
r-release-macos-arm64 | 1.0.0 | 22.00 | OK | |||
r-release-macos-x86_64 | 1.0.0 | 31.00 | OK | |||
r-release-windows-x86_64 | 1.0.0 | 26.00 | 74.00 | 100.00 | OK | |
r-oldrel-macos-arm64 | 1.0.0 | 22.00 | OK | |||
r-oldrel-macos-x86_64 | 1.0.0 | 31.00 | OK | |||
r-oldrel-windows-ix86+x86_64 | 1.0.0 | 16.00 | 91.00 | 107.00 | NOTE |
Version: 1.0.0
Check: R code for possible problems
Result: NOTE
Initiating curl with CURL_SSL_BACKEND: openssl
Flavor: r-oldrel-windows-ix86+x86_64