Last updated on 2023-06-09 02:52:10 CEST.
Flavor | Version | Tinstall | Tcheck | Ttotal | Status | Flags |
---|---|---|---|---|---|---|
r-devel-linux-x86_64-debian-clang | 0.3.1 | 40.41 | 548.88 | 589.29 | NOTE | |
r-devel-linux-x86_64-debian-gcc | 0.3.1 | 34.16 | 424.19 | 458.35 | NOTE | |
r-devel-linux-x86_64-fedora-clang | 0.3.1 | 735.87 | NOTE | |||
r-devel-linux-x86_64-fedora-gcc | 0.3.1 | 740.56 | NOTE | |||
r-devel-windows-x86_64 | 0.3.1 | 34.00 | 549.00 | 583.00 | NOTE | |
r-patched-linux-x86_64 | 0.3.1 | 35.81 | 525.39 | 561.20 | NOTE | |
r-release-linux-x86_64 | 0.3.1 | 37.43 | 526.26 | 563.69 | NOTE | |
r-release-macos-arm64 | 0.3.1 | 305.00 | NOTE | |||
r-release-macos-x86_64 | 0.3.1 | 427.00 | NOTE | |||
r-release-windows-x86_64 | 0.3.1 | 47.00 | 687.00 | 734.00 | NOTE | |
r-oldrel-macos-arm64 | 0.3.1 | 232.00 | NOTE | |||
r-oldrel-macos-x86_64 | 0.3.1 | 259.00 | NOTE | |||
r-oldrel-windows-x86_64 | 0.3.1 | 45.00 | 685.00 | 730.00 | OK |
Version: 0.3.1
Check: C++ specification
Result: NOTE
Specified C++11: please drop specification unless essential
Flavors: r-devel-linux-x86_64-debian-clang, r-devel-linux-x86_64-debian-gcc, r-devel-linux-x86_64-fedora-clang, r-devel-linux-x86_64-fedora-gcc, r-devel-windows-x86_64, r-patched-linux-x86_64, r-release-linux-x86_64, r-release-macos-arm64, r-release-macos-x86_64, r-release-windows-x86_64
Version: 0.3.1
Check: installed package size
Result: NOTE
installed size is 6.4Mb
sub-directories of 1Mb or more:
data 1.2Mb
doc 2.3Mb
libs 2.8Mb
Flavors: r-release-macos-arm64, r-release-macos-x86_64, r-oldrel-macos-arm64, r-oldrel-macos-x86_64