CRAN Package Check Results for Package cubeview

Last updated on 2021-10-20 02:50:01 CEST.

Flavor Version Tinstall Tcheck Ttotal Status Flags
r-devel-linux-x86_64-debian-clang 0.2.0 23.14 197.87 221.01 NOTE
r-devel-linux-x86_64-debian-gcc 0.2.0 21.19 146.71 167.90 NOTE
r-devel-linux-x86_64-fedora-clang 0.2.0 273.87 NOTE
r-devel-linux-x86_64-fedora-gcc 0.2.0 267.33 NOTE
r-devel-windows-x86_64 0.2.0 61.00 218.00 279.00 NOTE
r-devel-windows-x86_64-gcc10-UCRT 0.2.0 NOTE
r-patched-linux-x86_64 0.2.0 26.57 193.48 220.05 NOTE
r-patched-solaris-x86 0.2.0 144.30 NOTE
r-release-linux-x86_64 0.2.0 21.64 193.18 214.82 NOTE
r-release-macos-arm64 0.2.0 NOTE
r-release-macos-x86_64 0.2.0 NOTE
r-release-windows-ix86+x86_64 0.2.0 35.00 216.00 251.00 NOTE
r-oldrel-macos-x86_64 0.2.0 OK
r-oldrel-windows-ix86+x86_64 0.2.0 20.00 98.00 118.00 OK

Check Details

Version: 0.2.0
Check: LazyData
Result: NOTE
     'LazyData' is specified without a 'data' directory
Flavors: r-devel-linux-x86_64-debian-clang, r-devel-linux-x86_64-debian-gcc, r-devel-linux-x86_64-fedora-clang, r-devel-linux-x86_64-fedora-gcc, r-devel-windows-x86_64, r-devel-windows-x86_64-gcc10-UCRT, r-patched-linux-x86_64, r-patched-solaris-x86, r-release-linux-x86_64, r-release-macos-arm64, r-release-macos-x86_64, r-release-windows-ix86+x86_64