CRAN Package Check Results for Package curry

Last updated on 2021-09-22 02:49:11 CEST.

Flavor Version Tinstall Tcheck Ttotal Status Flags
r-devel-linux-x86_64-debian-clang 0.1.1 1.71 20.29 22.00 NOTE
r-devel-linux-x86_64-debian-gcc 0.1.1 1.29 16.29 17.58 NOTE
r-devel-linux-x86_64-fedora-clang 0.1.1 36.08 NOTE
r-devel-linux-x86_64-fedora-gcc 0.1.1 25.82 NOTE
r-devel-windows-x86_64 0.1.1 4.00 25.00 29.00 NOTE
r-devel-windows-x86_64-gcc10-UCRT 0.1.1 ERROR
r-patched-linux-x86_64 0.1.1 1.94 19.81 21.75 NOTE
r-patched-solaris-x86 0.1.1 41.30 NOTE
r-release-linux-x86_64 0.1.1 1.62 19.84 21.46 NOTE
r-release-macos-arm64 0.1.1 NOTE
r-release-macos-x86_64 0.1.1 NOTE
r-release-windows-ix86+x86_64 0.1.1 4.00 23.00 27.00 NOTE
r-oldrel-macos-x86_64 0.1.1 OK
r-oldrel-windows-ix86+x86_64 0.1.1 4.00 23.00 27.00 OK

Check Details

Version: 0.1.1
Check: LazyData
Result: NOTE
     'LazyData' is specified without a 'data' directory
Flavors: r-devel-linux-x86_64-debian-clang, r-devel-linux-x86_64-debian-gcc, r-devel-linux-x86_64-fedora-clang, r-devel-linux-x86_64-fedora-gcc, r-devel-windows-x86_64, r-devel-windows-x86_64-gcc10-UCRT, r-patched-linux-x86_64, r-patched-solaris-x86, r-release-linux-x86_64, r-release-macos-arm64, r-release-macos-x86_64, r-release-windows-ix86+x86_64

Version: 0.1.1
Check: whether package can be installed
Result: WARN
    Found the following significant warnings:
     WARNING: installation-time patches will not be applied, could not get the patches index
Flavor: r-devel-windows-x86_64-gcc10-UCRT

Version: 0.1.1
Check: PDF version of manual
Result: WARN
    LaTeX errors when creating PDF version.
    This typically indicates Rd problems.
Flavor: r-devel-windows-x86_64-gcc10-UCRT

Version: 0.1.1
Check: PDF version of manual without hyperrefs or index
Result: ERROR
    Re-running with no redirection of stdout/stderr.
Flavor: r-devel-windows-x86_64-gcc10-UCRT