Last updated on 2023-03-31 03:52:25 CEST.
Flavor | Version | Tinstall | Tcheck | Ttotal | Status | Flags |
---|---|---|---|---|---|---|
r-devel-linux-x86_64-debian-clang | 1.0.0 | 8.39 | 72.24 | 80.63 | OK | |
r-devel-linux-x86_64-debian-gcc | 1.0.0 | 6.33 | 55.78 | 62.11 | OK | |
r-devel-linux-x86_64-fedora-clang | 1.0.0 | 100.64 | NOTE | |||
r-devel-linux-x86_64-fedora-gcc | 1.0.0 | 106.54 | NOTE | |||
r-devel-windows-x86_64 | 1.0.0 | 28.00 | 109.00 | 137.00 | OK | |
r-patched-linux-x86_64 | 1.0.0 | 7.88 | 68.88 | 76.76 | OK | |
r-release-linux-x86_64 | 1.0.0 | 5.36 | 70.83 | 76.19 | OK | |
r-release-macos-arm64 | 1.0.0 | 42.00 | NOTE | |||
r-release-macos-x86_64 | 1.0.0 | 51.00 | NOTE | |||
r-release-windows-x86_64 | 1.0.0 | 24.00 | 110.00 | 134.00 | OK | |
r-oldrel-macos-arm64 | 1.0.0 | 42.00 | NOTE | |||
r-oldrel-macos-x86_64 | 1.0.0 | 52.00 | NOTE | |||
r-oldrel-windows-ix86+x86_64 | 1.0.0 | 21.00 | 114.00 | 135.00 | OK |
Version: 1.0.0
Check: data for non-ASCII characters
Result: NOTE
Note: found 2020 marked UTF-8 strings
Flavors: r-devel-linux-x86_64-fedora-clang, r-devel-linux-x86_64-fedora-gcc, r-release-macos-arm64, r-release-macos-x86_64, r-oldrel-macos-arm64, r-oldrel-macos-x86_64