CRAN Package Check Results for Package dagitty

Last updated on 2021-08-04 02:49:52 CEST.

Flavor Version Tinstall Tcheck Ttotal Status Flags
r-devel-linux-x86_64-debian-clang 0.3-1 4.75 52.76 57.51 NOTE
r-devel-linux-x86_64-debian-gcc 0.3-1 3.93 40.76 44.69 NOTE
r-devel-linux-x86_64-fedora-clang 0.3-1 79.94 NOTE
r-devel-linux-x86_64-fedora-gcc 0.3-1 70.04 NOTE
r-devel-windows-x86_64 0.3-1 11.00 85.00 96.00 NOTE
r-devel-windows-x86_64-gcc10-UCRT 0.3-1 NOTE
r-patched-linux-x86_64 0.3-1 5.54 51.58 57.12 NOTE
r-patched-solaris-x86 0.3-1 95.00 NOTE
r-release-linux-x86_64 0.3-1 5.12 51.48 56.60 NOTE
r-release-macos-arm64 0.3-1 WARN
r-release-macos-x86_64 0.3-1 NOTE
r-release-windows-ix86+x86_64 0.3-1 14.00 85.00 99.00 NOTE
r-oldrel-macos-x86_64 0.3-1 OK
r-oldrel-windows-ix86+x86_64 0.3-1 12.00 83.00 95.00 OK

Check Details

Version: 0.3-1
Check: LazyData
Result: NOTE
     'LazyData' is specified without a 'data' directory
Flavors: r-devel-linux-x86_64-debian-clang, r-devel-linux-x86_64-debian-gcc, r-devel-linux-x86_64-fedora-clang, r-devel-linux-x86_64-fedora-gcc, r-devel-windows-x86_64, r-devel-windows-x86_64-gcc10-UCRT, r-patched-linux-x86_64, r-patched-solaris-x86, r-release-linux-x86_64, r-release-macos-arm64, r-release-macos-x86_64, r-release-windows-ix86+x86_64

Version: 0.3-1
Check: re-building of vignette outputs
Result: WARN
    Error(s) in re-building vignettes:
     ...
    --- re-building ‘dagitty4semusers.Rmd’ using rmarkdown
    Warning in engine$weave(file, quiet = quiet, encoding = enc) :
     Pandoc (>= 1.12.3) not available. Falling back to R Markdown v1.
    Quitting from lines 33-48 (dagitty4semusers.Rmd)
    Error: processing vignette 'dagitty4semusers.Rmd' failed with diagnostics:
    need finite 'ylim' values
    --- failed re-building ‘dagitty4semusers.Rmd’
    
    SUMMARY: processing the following file failed:
     ‘dagitty4semusers.Rmd’
    
    Error: Vignette re-building failed.
    Execution halted
Flavor: r-release-macos-arm64