CRAN Package Check Results for Package datacleanr

Last updated on 2022-01-29 02:49:44 CET.

Flavor Version Tinstall Tcheck Ttotal Status Flags
r-devel-linux-x86_64-debian-clang 1.0.3 5.20 59.88 65.08 OK
r-devel-linux-x86_64-debian-gcc 1.0.3 4.42 45.58 50.00 OK
r-devel-linux-x86_64-fedora-clang 1.0.3 70.71 NOTE
r-devel-linux-x86_64-fedora-gcc 1.0.3 59.69 NOTE
r-devel-windows-x86_64-new-UL 1.0.3 103.00 83.00 186.00 OK
r-devel-windows-x86_64-new-TK 1.0.3 NOTE
r-patched-linux-x86_64 1.0.3 9.31 50.48 59.79 OK
r-release-linux-x86_64 1.0.3 3.28 50.73 54.01 OK
r-release-macos-arm64 1.0.3 NOTE
r-release-macos-x86_64 1.0.3 NOTE
r-release-windows-ix86+x86_64 1.0.3 12.00 63.00 75.00 OK
r-oldrel-macos-x86_64 1.0.3 NOTE
r-oldrel-windows-ix86+x86_64 1.0.3 11.00 62.00 73.00 OK

Check Details

Version: 1.0.3
Check: dependencies in R code
Result: NOTE
    Namespace in Imports field not imported from: ‘htmltools’
     All declared Imports should be used.
Flavors: r-devel-linux-x86_64-fedora-clang, r-devel-linux-x86_64-fedora-gcc, r-devel-windows-x86_64-new-TK, r-release-macos-arm64, r-release-macos-x86_64, r-oldrel-macos-x86_64