CRAN Package Check Results for Package dbparser

Last updated on 2022-08-08 03:55:40 CEST.

Flavor Version Tinstall Tcheck Ttotal Status Flags
r-devel-linux-x86_64-debian-clang 1.2.0 24.40 122.78 147.18 NOTE
r-devel-linux-x86_64-debian-gcc 1.2.0 19.69 90.06 109.75 NOTE
r-devel-linux-x86_64-fedora-clang 1.2.0 185.10 NOTE
r-devel-linux-x86_64-fedora-gcc 1.2.0 189.11 NOTE
r-devel-windows-x86_64 1.2.0 114.00 151.00 265.00 NOTE
r-patched-linux-x86_64 1.2.0 23.25 112.69 135.94 NOTE
r-release-linux-x86_64 1.2.0 NOTE
r-release-macos-arm64 1.2.0 52.00 NOTE
r-release-macos-x86_64 1.2.0 89.00 NOTE
r-release-windows-x86_64 1.2.0 92.00 159.00 251.00 NOTE
r-oldrel-macos-arm64 1.2.0 56.00 NOTE
r-oldrel-macos-x86_64 1.2.0 102.00 NOTE
r-oldrel-windows-ix86+x86_64 1.2.0 43.00 139.00 182.00 NOTE

Check Details

Version: 1.2.0
Check: LazyData
Result: NOTE
     'LazyData' is specified without a 'data' directory
Flavors: r-devel-linux-x86_64-debian-clang, r-devel-linux-x86_64-debian-gcc, r-devel-linux-x86_64-fedora-clang, r-devel-linux-x86_64-fedora-gcc, r-devel-windows-x86_64, r-patched-linux-x86_64, r-release-linux-x86_64, r-release-macos-arm64, r-release-macos-x86_64, r-release-windows-x86_64, r-oldrel-macos-arm64, r-oldrel-macos-x86_64, r-oldrel-windows-ix86+x86_64