CRAN Package Check Results for Package dbx

Last updated on 2023-03-21 02:56:22 CET.

Flavor Version Tinstall Tcheck Ttotal Status Flags
r-devel-linux-x86_64-debian-clang 0.2.8 NOTE
r-devel-linux-x86_64-debian-gcc 0.2.8 1.98 24.01 25.99 NOTE
r-devel-linux-x86_64-fedora-clang 0.2.8 43.84 NOTE
r-devel-linux-x86_64-fedora-gcc 0.2.8 39.76 NOTE
r-devel-windows-x86_64 0.2.8 19.00 59.00 78.00 NOTE
r-patched-linux-x86_64 0.2.8 2.70 31.54 34.24 NOTE
r-release-linux-x86_64 0.2.8 2.39 30.89 33.28 NOTE
r-release-macos-arm64 0.2.8 20.00 NOTE
r-release-macos-x86_64 0.2.8 29.00 NOTE
r-release-windows-x86_64 0.2.8 16.00 58.00 74.00 NOTE
r-oldrel-macos-arm64 0.2.8 23.00 NOTE
r-oldrel-macos-x86_64 0.2.8 33.00 NOTE
r-oldrel-windows-ix86+x86_64 0.2.8 7.00 55.00 62.00 NOTE

Check Details

Version: 0.2.8
Check: LazyData
Result: NOTE
     'LazyData' is specified without a 'data' directory
Flavors: r-devel-linux-x86_64-debian-clang, r-devel-linux-x86_64-debian-gcc, r-devel-linux-x86_64-fedora-clang, r-devel-linux-x86_64-fedora-gcc, r-devel-windows-x86_64, r-patched-linux-x86_64, r-release-linux-x86_64, r-release-macos-arm64, r-release-macos-x86_64, r-release-windows-x86_64, r-oldrel-macos-arm64, r-oldrel-macos-x86_64, r-oldrel-windows-ix86+x86_64