CRAN Package Check Results for Package debugr

Last updated on 2022-01-28 02:50:55 CET.

Flavor Version Tinstall Tcheck Ttotal Status Flags
r-devel-linux-x86_64-debian-clang 0.0.1 2.15 31.32 33.47 NOTE
r-devel-linux-x86_64-debian-gcc 0.0.1 1.36 24.81 26.17 NOTE
r-devel-linux-x86_64-fedora-clang 0.0.1 41.73 NOTE
r-devel-linux-x86_64-fedora-gcc 0.0.1 31.08 NOTE
r-devel-windows-x86_64-new-UL 0.0.1 22.00 57.00 79.00 NOTE
r-devel-windows-x86_64-new-TK 0.0.1 NOTE
r-patched-linux-x86_64 0.0.1 1.73 29.73 31.46 NOTE
r-release-linux-x86_64 0.0.1 1.73 29.77 31.50 NOTE
r-release-macos-arm64 0.0.1 NOTE
r-release-macos-x86_64 0.0.1 NOTE
r-release-windows-ix86+x86_64 0.0.1 6.00 39.00 45.00 NOTE
r-oldrel-macos-x86_64 0.0.1 OK
r-oldrel-windows-ix86+x86_64 0.0.1 6.00 36.00 42.00 OK

Check Details

Version: 0.0.1
Check: LazyData
Result: NOTE
     'LazyData' is specified without a 'data' directory
Flavors: r-devel-linux-x86_64-debian-clang, r-devel-linux-x86_64-debian-gcc, r-devel-linux-x86_64-fedora-clang, r-devel-linux-x86_64-fedora-gcc, r-devel-windows-x86_64-new-UL, r-devel-windows-x86_64-new-TK, r-patched-linux-x86_64, r-release-linux-x86_64, r-release-macos-arm64, r-release-macos-x86_64, r-release-windows-ix86+x86_64